Last updated on 2025-10-30 18:49:50 CET.
| Flavor | Version | Tinstall | Tcheck | Ttotal | Status | Flags | 
|---|---|---|---|---|---|---|
| r-devel-linux-x86_64-debian-clang | 1.2.0 | 4.05 | 47.18 | 51.23 | NOTE | |
| r-devel-linux-x86_64-debian-gcc | 1.2.0 | 3.12 | 33.64 | 36.76 | NOTE | |
| r-devel-linux-x86_64-fedora-clang | 1.2.0 | 78.75 | OK | |||
| r-devel-linux-x86_64-fedora-gcc | 1.2.0 | 10.00 | 65.24 | 75.24 | OK | |
| r-devel-windows-x86_64 | 1.2.0 | 6.00 | 61.00 | 67.00 | OK | |
| r-patched-linux-x86_64 | 1.2.0 | 4.03 | 44.91 | 48.94 | OK | |
| r-release-linux-x86_64 | 1.2.0 | 4.44 | 44.08 | 48.52 | OK | |
| r-release-macos-arm64 | 1.2.0 | 2.00 | 23.00 | 25.00 | OK | |
| r-release-macos-x86_64 | 1.2.0 | 6.00 | 54.00 | 60.00 | OK | |
| r-release-windows-x86_64 | 1.2.0 | 6.00 | 64.00 | 70.00 | OK | |
| r-oldrel-macos-arm64 | 1.2.0 | 2.00 | 21.00 | 23.00 | OK | |
| r-oldrel-macos-x86_64 | 1.2.0 | 3.00 | 31.00 | 34.00 | OK | |
| r-oldrel-windows-x86_64 | 1.2.0 | 8.00 | 72.00 | 80.00 | OK | 
Version: 1.2.0
Check: CRAN incoming feasibility
Result: NOTE
  Maintainer: ‘Gokmen Altay <altaylabs@gmail.com>’
  
  No Authors@R field in DESCRIPTION.
  Please add one, modifying
    Authors@R: person(given = "Gokmen",
                      family = "Altay",
                      role = c("aut", "cre"),
                      email = "altaylabs@gmail.com")
  as necessary.
Flavors: r-devel-linux-x86_64-debian-clang, r-devel-linux-x86_64-debian-gcc