CRAN Package Check Results for Package datoramar

Last updated on 2025-10-11 20:49:34 CEST.

Flavor Version Tinstall Tcheck Ttotal Status Flags
r-devel-linux-x86_64-debian-clang 0.1.0 1.59 18.51 20.10 OK
r-devel-linux-x86_64-debian-gcc 0.1.0 1.30 15.49 16.79 OK
r-devel-linux-x86_64-fedora-clang 0.1.0 29.59 OK
r-devel-linux-x86_64-fedora-gcc 0.1.0 27.95 OK
r-devel-windows-x86_64 0.1.0 3.00 36.00 39.00 OK
r-patched-linux-x86_64 0.1.0 1.56 17.30 18.86 OK
r-release-linux-x86_64 0.1.0 1.66 17.14 18.80 OK
r-release-macos-arm64 0.1.0 15.00 OK
r-release-macos-x86_64 0.1.0 24.00 OK
r-release-windows-x86_64 0.1.0 5.00 39.00 44.00 OK
r-oldrel-macos-arm64 0.1.0 14.00 NOTE
r-oldrel-macos-x86_64 0.1.0 20.00 NOTE
r-oldrel-windows-x86_64 0.1.0 4.00 41.00 45.00 NOTE

Check Details

Version: 0.1.0
Check: LazyData
Result: NOTE 'LazyData' is specified without a 'data' directory Flavors: r-oldrel-macos-arm64, r-oldrel-macos-x86_64, r-oldrel-windows-x86_64