CRAN Package Check Results for Package datadriftR

Last updated on 2025-07-22 08:48:29 CEST.

Flavor Version Tinstall Tcheck Ttotal Status Flags
r-devel-linux-x86_64-debian-clang 1.0.0 20.21 107.54 127.75 OK
r-devel-linux-x86_64-debian-gcc 1.0.0 11.80 79.45 91.25 OK
r-devel-linux-x86_64-fedora-clang 1.0.0 191.54 OK
r-devel-linux-x86_64-fedora-gcc 1.0.0 178.55 OK
r-devel-windows-x86_64 1.0.0 19.00 104.00 123.00 OK
r-patched-linux-x86_64 1.0.0 19.35 97.39 116.74 OK
r-release-linux-x86_64 1.0.0 18.05 96.87 114.92 OK
r-release-macos-arm64 1.0.0 51.00 OK
r-release-macos-x86_64 1.0.0 91.00 OK
r-release-windows-x86_64 1.0.0 19.00 0.00 19.00 FAIL
r-oldrel-macos-arm64 1.0.0 54.00 OK
r-oldrel-macos-x86_64 1.0.0 81.00 OK
r-oldrel-windows-x86_64 1.0.0 24.00 138.00 162.00 OK

Check Details

Version: 1.0.0
Check: PDF version of manual
Result: FAIL Check process probably crashed or hung up for 20 minutes ... killed Most likely this happened in the example checks (?), if not, ignore the following last lines of example output: -0.516898689036376, -0.308374510260777)c(-0.519481406735701, -0.664502245288571, -0.704005453406493, -0.656152564839169, -0.538418544274474, -0.365354914479316, -0.150735225928539, 0.08844862097629, 0.320615389518859, 0.510051850913728, 0.626411235768356, 0.665251752227084, 0.629937607742374, 0.525705335878683, 0.36740938624367, 0.172986495436489, -0.0388302703403178, -0.244953214176193, -0.420811141456418, -0.544590238078179, -0.610586125670035, -0.618925349927069, -0.570095593616543, -0.466783842147259, -0.312522420349993, -0.113492276097583, 0.106529278947474, 0.316586633092966, 0.487642207477144, 0.604428828433505, 0.657638171438111, 0.639747926060822, 0.556613619863618, 0.420228230655131, 0.243180449433608, 0.0426377329599635, -0.162006517782827, -0.351688971774384, -0.510348027400151, -0.623467654356655, -0.677240522726782, -0.664356575105683, -0.581047361438415, -0.425513716773292, -0.21534742701863, 0.0206747692595998, 0.253959525464484, 0.459348300784438, 0.613778266747569, 0.69538114280568, 0.695827667065589, 0.615523428379285, 0.456540138037266, 0.240032199686544, 0, -0.229463998509067, -0.426547620423747, -0.576891145546211, -0.666940596554256, -0.689890162546666, -0.644072122481329, -0.528749938502343, -0.356020661413408, -0.148302943395075, 0.0718209544273613, 0.284013409854623, 0.469843392646385, 0.611141818028972, 0.693576727076032, 0.70625788814397, 0.639150443142184, 0.497545063135537, 0.3012471691487, 0.0708143333777844, -0.169031121267606, -0.389402121164382, -0.561612845639866, -0.666694954755759, -0.695940397915628, -0.641630963569238, -0.510122241842402, -0.323460475764135, -0.104542246292129, 0.122888610799012, 0.33409078298915, 0.504522037450318, 0.618688411147855, 0.672346305052503, 0.662059469770439, 0.588538931364241, 0.457942585402658, 0.276970336046308, 0.0601106370566893, -0.167340887998752, -0.379340427859256, -0.552328091908593, -0.666386241184517, -0.702106621275887, -0.653230800041026, -0.533882569855936, -0.359978720740986, -0.150217695852391, 0.0721430207476456, 0.283451220504742, 0.462364125687364, 0.591542735868315, 0.654125861687081, 0.641054714769503, 0.557584438369026, 0.41055711625213, 0.213320520532508, -0.00814256211748654, -0.226427293075292, -0.418582435813385, -0.570817810308435, -0.670474346877619, -0.705557836244807, -0.665523269445191, -0.540072398698222, -0.332875728784409, -0.0798843908662938, 0.178422668361089, 0.407696055903041, 0.588611921906321, 0.704115663516658, 0.741524093199693, 0.699527047097064, 0.578650772447346, 0.38702739698497, 0.153802260352187, -0.0882837245173026, -0.309807352396876, -0.491084153631287, -0.614209958663088, -0.666817169454141, -0.653814411817914, -0.583470563956389, -0.463733943505602, -0.30148905629069, -0.103400333539082, 0.118949167505673, 0.336609587351802, 0.516800059820509, 0.632518263126611, 0.67847632353771, 0.654485995988833, 0.562979259280163, 0.416868987672498, 0.231688279291799, 0.0235426622028846, -0.189024903123638, -0.386822818437894, -0.550147024321566, -0.656970416098886, -0.684607956178378, -0.618120441984277, -0.479957732983299, -0.303836210376026, -0.119088407869738, 0.067503383948481, 0.2563836293012, 0.443329353777108, 0.59853108741199, 0.683462775540106, 0.66739966080538, 0.565216714979174, 0.408294053925406, 0.225398307908722, 0.0288758122783277, -0.175238517586857, -0.378404836472144, -0.555343304753682, -0.673945132019757, -0.706205965734492, -0.653410305454882, -0.529516776786186, -0.349439064360917, -0.134956496777894, 0.0890017948115859, 0.298078779483061, 0.472699157125454, 0.595612242300564, 0.651054270433633, 0.636068583594487, 0.554292821316745, 0.410709135790269, 0.222343433517392, 0.0127865678628445, -0.194649190024581, -0.380108172002491, -0.525728523499635, -0.614506512895785, -0.638436343086983, -0.595002216572086, -0.482738994245069, -0.311484853504506, -0.0983704340100249, 0.138591366221675, 0.371840699162558, 0.567306945844497, 0.692109279967135, 0.731222665849727, 0.682490442547996, 0.545466230797128, 0.340695443631323, 0.104706756560366, -0.126436611561832, -0.330533689560615, -0.496532421699358, -0.613832159038576, -0.674196393074718, -0.671396711614429, -0.599903096174259, -0.466277949005223, -0.287930023510856, -0.0826432106405283, 0.131993208193083, 0.338574265524091, 0.519582810007026, 0.654754671198086, 0.721078659555089, 0.696326735843898, 0.581211468865917, 0.400667474530954, 0.180770142197975, -0.052922492594695, -0.275429183680593, -0.46202944374871, -0.595256836191826, -0.666185149543487, -0.666615222011762, -0.596721098868339, -0.46708783539124, -0.289076934363372, -0.079056608120566, 0.140029314340051, 0.34486117970092, 0.515331972432926, 0.635792441787867, 0.691057086571233, 0.672966994354064, 0.583666562762687, 0.426301414061405, 0.21483152584778, -0.0200208735140873, -0.246186046502448, -0.438210905301229, -0.58148684025017, -0.662469240014456, -0.6724832580025, -0.611296583923534, -0.479620356970115, -0.288253810690667, -0.0665033398415283, 0.154394965704926, 0.349571904865021, 0.506523721723263, 0.614180966909283, 0.663517701579644, 0.6497114866658, 0.568494937876544, 0.422795535246037, 0.231223448761387, 0.0144569478666071, -0.20624738051957, -0.408296505851877, -0.56892201008025, -0.669700181046665, -0.702857603337387, -0.662233636576964, -0.546836535955365, -0.369122368719346, -0.143714641828987, 0.108661807962892, 0.350425642420815, 0.541118821773567, 0.651985655766955, 0.68862130647347, 0.662890373972261, 0.584022199788058, 0.453023109354461, 0.269301639841691, 0.0402789319541, -0.200033259594153, -0.412114932545133, -0.564559634583898, -0.654608429374377, -0.685821909376175, -0.660233046245114, -0.574134362082808, -0.422470236913335)1:100 > > > > ### * <FOOTER> > ### > cleanEx() > options(digits = 7L) > base::cat("Time elapsed: ", proc.time() - base::get("ptime", pos = 'CheckExEnv'),"\n") Time elapsed: 5.54 0.52 6.05 NA NA > grDevices::dev.off() null device 1 > ### > ### Local variables: *** > ### mode: outline-minor *** > ### outline-regexp: "\\(> \\)?### [*]+" *** > ### End: *** > quit('no') ======== End of example output (where/before crash/hang up occured ?) ======== Flavor: r-release-windows-x86_64