Last updated on 2025-07-22 08:48:30 CEST.
Flavor | Version | Tinstall | Tcheck | Ttotal | Status | Flags |
---|---|---|---|---|---|---|
r-devel-linux-x86_64-debian-clang | 2.0-1 | 2.32 | 23.00 | 25.32 | NOTE | |
r-devel-linux-x86_64-debian-gcc | 2.0-1 | 1.90 | 18.98 | 20.88 | NOTE | |
r-devel-linux-x86_64-fedora-clang | 2.0-1 | 39.05 | OK | |||
r-devel-linux-x86_64-fedora-gcc | 2.0-1 | 37.46 | OK | |||
r-devel-windows-x86_64 | 2.0-1 | 4.00 | 44.00 | 48.00 | OK | |
r-patched-linux-x86_64 | 2.0-1 | 2.54 | 22.07 | 24.61 | OK | |
r-release-linux-x86_64 | 2.0-1 | 1.94 | 21.69 | 23.63 | OK | |
r-release-macos-arm64 | 2.0-1 | 20.00 | OK | |||
r-release-macos-x86_64 | 2.0-1 | 26.00 | OK | |||
r-release-windows-x86_64 | 2.0-1 | 4.00 | 47.00 | 51.00 | OK | |
r-oldrel-macos-arm64 | 2.0-1 | 17.00 | OK | |||
r-oldrel-macos-x86_64 | 2.0-1 | 27.00 | OK | |||
r-oldrel-windows-x86_64 | 2.0-1 | 5.00 | 48.00 | 53.00 | OK |
Version: 2.0-1
Check: CRAN incoming feasibility
Result: NOTE
Maintainer: ‘Zhibing He <zhibingh@asu.edu>’
No Authors@R field in DESCRIPTION.
Please add one, modifying
Authors@R: person(given = "Zhibing",
family = "He",
role = c("aut", "cre"),
email = "zhibingh@asu.edu")
as necessary.
Flavors: r-devel-linux-x86_64-debian-clang, r-devel-linux-x86_64-debian-gcc