Last updated on 2025-07-22 08:48:29 CEST.
Flavor | Version | Tinstall | Tcheck | Ttotal | Status | Flags |
---|---|---|---|---|---|---|
r-devel-linux-x86_64-debian-clang | 0.1.1 | 8.39 | 70.43 | 78.82 | OK | |
r-devel-linux-x86_64-debian-gcc | 0.1.1 | 6.02 | 53.44 | 59.46 | OK | |
r-devel-linux-x86_64-fedora-clang | 0.1.1 | 117.86 | OK | |||
r-devel-linux-x86_64-fedora-gcc | 0.1.1 | 110.87 | OK | |||
r-devel-windows-x86_64 | 0.1.1 | 9.00 | 75.00 | 84.00 | OK | |
r-patched-linux-x86_64 | 0.1.1 | 7.99 | 65.43 | 73.42 | OK | |
r-release-linux-x86_64 | 0.1.1 | 7.23 | 66.19 | 73.42 | OK | |
r-release-macos-arm64 | 0.1.1 | 35.00 | OK | |||
r-release-macos-x86_64 | 0.1.1 | 60.00 | OK | |||
r-release-windows-x86_64 | 0.1.1 | 9.00 | 79.00 | 88.00 | OK | |
r-oldrel-macos-arm64 | 0.1.1 | 41.00 | NOTE | |||
r-oldrel-macos-x86_64 | 0.1.1 | 75.00 | NOTE | |||
r-oldrel-windows-x86_64 | 0.1.1 | 11.00 | 95.00 | 106.00 | NOTE |
Version: 0.1.1
Check: LazyData
Result: NOTE
'LazyData' is specified without a 'data' directory
Flavors: r-oldrel-macos-arm64, r-oldrel-macos-x86_64, r-oldrel-windows-x86_64