Last updated on 2025-10-30 18:49:49 CET.
| Flavor | Version | Tinstall | Tcheck | Ttotal | Status | Flags | 
|---|---|---|---|---|---|---|
| r-devel-linux-x86_64-debian-clang | 1.0.0 | 10.99 | 25.69 | 36.68 | NOTE | |
| r-devel-linux-x86_64-debian-gcc | 1.0.0 | 9.41 | 20.07 | 29.48 | NOTE | |
| r-devel-linux-x86_64-fedora-clang | 1.0.0 | 26.00 | 28.17 | 54.17 | OK | |
| r-devel-linux-x86_64-fedora-gcc | 1.0.0 | 36.00 | 23.59 | 59.59 | OK | |
| r-devel-windows-x86_64 | 1.0.0 | 15.00 | 54.00 | 69.00 | OK | |
| r-patched-linux-x86_64 | 1.0.0 | 11.55 | 24.02 | 35.57 | OK | |
| r-release-linux-x86_64 | 1.0.0 | 13.20 | 23.88 | 37.08 | OK | |
| r-release-macos-arm64 | 1.0.0 | 11.00 | 16.00 | 27.00 | OK | |
| r-release-macos-x86_64 | 1.0.0 | 23.00 | 30.00 | 53.00 | OK | |
| r-release-windows-x86_64 | 1.0.0 | 15.00 | 59.00 | 74.00 | OK | |
| r-oldrel-macos-arm64 | 1.0.0 | 8.00 | 15.00 | 23.00 | OK | |
| r-oldrel-macos-x86_64 | 1.0.0 | 13.00 | 25.00 | 38.00 | OK | |
| r-oldrel-windows-x86_64 | 1.0.0 | 14.00 | 54.00 | 68.00 | OK | 
Version: 1.0.0
Check: CRAN incoming feasibility
Result: NOTE
  Maintainer: ‘Jason D. Nielsen <jdn@math.carleton.ca>’
  
  No Authors@R field in DESCRIPTION.
  Please add one, modifying
    Authors@R: person(given = c("Jason", "D."),
                      family = "Nielsen",
                      role = c("aut", "cre"),
                      email = "drjdnielsen@gmail.com")
  as necessary.
Flavors: r-devel-linux-x86_64-debian-clang, r-devel-linux-x86_64-debian-gcc