Last updated on 2025-11-28 07:48:42 CET.
| Flavor | Version | Tinstall | Tcheck | Ttotal | Status | Flags |
|---|---|---|---|---|---|---|
| r-devel-linux-x86_64-debian-clang | 0.3.13 | 76.04 | 480.88 | 556.92 | OK | |
| r-devel-linux-x86_64-debian-gcc | 0.3.13 | 38.26 | 266.66 | 304.92 | ERROR | |
| r-devel-linux-x86_64-fedora-clang | 0.3.13 | 106.00 | 736.59 | 842.59 | OK | |
| r-devel-linux-x86_64-fedora-gcc | 0.3.13 | 109.00 | 717.32 | 826.32 | OK | |
| r-devel-windows-x86_64 | 0.3.13 | 61.00 | 612.00 | 673.00 | OK | |
| r-patched-linux-x86_64 | 0.3.13 | 57.52 | 466.13 | 523.65 | OK | |
| r-release-linux-x86_64 | 0.3.13 | 55.29 | 459.86 | 515.15 | OK | |
| r-release-macos-arm64 | 0.3.13 | OK | ||||
| r-release-macos-x86_64 | 0.3.13 | 39.00 | 477.00 | 516.00 | OK | |
| r-release-windows-x86_64 | 0.3.13 | 57.00 | 623.00 | 680.00 | OK | |
| r-oldrel-macos-arm64 | 0.3.13 | NOTE | ||||
| r-oldrel-macos-x86_64 | 0.3.13 | 38.00 | 446.00 | 484.00 | NOTE | |
| r-oldrel-windows-x86_64 | 0.3.13 | 74.00 | 784.00 | 858.00 | OK |
Version: 0.3.13
Check: re-building of vignette outputs
Result: ERROR
Error(s) in re-building vignettes:
...
--- re-building ‘cran.Rmd’ using rmarkdown
[WARNING] Deprecated: --highlight-style. Use --syntax-highlighting instead.
--- finished re-building ‘cran.Rmd’
--- re-building ‘degree.Rmd’ using rmarkdown
[WARNING] Deprecated: --highlight-style. Use --syntax-highlighting instead.
--- finished re-building ‘degree.Rmd’
--- re-building ‘introduction.Rmd’ using rmarkdown
Quitting from introduction.Rmd:65-70 [unnamed-chunk-7]
~~~~~~~~~~~~~~~~~~~~~~~~~~~~~~~~~~~~~~~~~~~~~~~~~~~~~~~~~~~~~~~~~~~~~~~~~~~~~~~~
<error/rlang_error>
Error in `readRDS()`:
! error reading from connection
---
Backtrace:
▆
1. └─crandep::get_dep("rstan", "all")
2. └─crandep::get_dep(name, typei, reverse)
3. └─utils::available.packages(repos = utils::findCRANmirror("web"))
4. └─base::readRDS(dest)
~~~~~~~~~~~~~~~~~~~~~~~~~~~~~~~~~~~~~~~~~~~~~~~~~~~~~~~~~~~~~~~~~~~~~~~~~~~~~~~~
Error: processing vignette 'introduction.Rmd' failed with diagnostics:
error reading from connection
--- failed re-building ‘introduction.Rmd’
SUMMARY: processing the following file failed:
‘introduction.Rmd’
Error: Vignette re-building failed.
Execution halted
Flavor: r-devel-linux-x86_64-debian-gcc
Version: 0.3.13
Check: installed package size
Result: NOTE
installed size is 10.4Mb
sub-directories of 1Mb or more:
data 1.2Mb
doc 2.2Mb
libs 6.9Mb
Flavors: r-oldrel-macos-arm64, r-oldrel-macos-x86_64