Last updated on 2025-07-22 08:48:29 CEST.
Flavor | Version | Tinstall | Tcheck | Ttotal | Status | Flags |
---|---|---|---|---|---|---|
r-devel-linux-x86_64-debian-clang | 1.2.1 | 116.73 | 66.13 | 182.86 | NOTE | |
r-devel-linux-x86_64-debian-gcc | 1.2.1 | 79.72 | 49.75 | 129.47 | NOTE | |
r-devel-linux-x86_64-fedora-clang | 1.2.1 | 310.16 | NOTE | |||
r-devel-linux-x86_64-fedora-gcc | 1.2.1 | 288.91 | NOTE | |||
r-devel-windows-x86_64 | 1.2.1 | 125.00 | 104.00 | 229.00 | OK | |
r-patched-linux-x86_64 | 1.2.1 | 118.48 | 62.87 | 181.35 | OK | |
r-release-linux-x86_64 | 1.2.1 | 114.93 | 62.25 | 177.18 | OK | |
r-release-macos-arm64 | 1.2.1 | 75.00 | OK | |||
r-release-macos-x86_64 | 1.2.1 | 104.00 | OK | |||
r-release-windows-x86_64 | 1.2.1 | 125.00 | 107.00 | 232.00 | OK | |
r-oldrel-macos-arm64 | 1.2.1 | 76.00 | NOTE | |||
r-oldrel-macos-x86_64 | 1.2.1 | 83.00 | NOTE | |||
r-oldrel-windows-x86_64 | 1.2.1 | 150.00 | 125.00 | 275.00 | OK |
Version: 1.2.1
Check: CRAN incoming feasibility
Result: NOTE
Maintainer: ‘Jueyu Gao <jueyu@ualberta.ca>’
No Authors@R field in DESCRIPTION.
Please add one, modifying
Authors@R: c(person(given = c("Jueyu", "Gao", "&", "Linglong"),
family = "Kong",
role = "aut"),
person(given = "Jueyu",
family = "Gao",
role = "cre",
email = "jueyu@ualberta.ca"))
as necessary.
Flavors: r-devel-linux-x86_64-debian-clang, r-devel-linux-x86_64-debian-gcc
Version: 1.2.1
Check: compiled code
Result: NOTE
File ‘cqrReg/libs/cqrReg.so’:
Found no calls to: ‘R_registerRoutines’, ‘R_useDynamicSymbols’
It is good practice to register native routines and to disable symbol
search.
See ‘Writing portable packages’ in the ‘Writing R Extensions’ manual.
Flavors: r-devel-linux-x86_64-fedora-clang, r-devel-linux-x86_64-fedora-gcc
Version: 1.2.1
Check: installed package size
Result: NOTE
installed size is 6.9Mb
sub-directories of 1Mb or more:
libs 6.8Mb
Flavors: r-oldrel-macos-arm64, r-oldrel-macos-x86_64