Last updated on 2025-11-28 19:50:05 CET.
| Flavor | Version | Tinstall | Tcheck | Ttotal | Status | Flags |
|---|---|---|---|---|---|---|
| r-devel-linux-x86_64-debian-clang | 0.0.3 | 53.18 | 77.80 | 130.98 | WARN | |
| r-devel-linux-x86_64-debian-gcc | 0.0.3 | 37.24 | 54.72 | 91.96 | WARN | |
| r-devel-linux-x86_64-fedora-clang | 0.0.3 | 167.00 | 64.72 | 231.72 | WARN | |
| r-devel-linux-x86_64-fedora-gcc | 0.0.3 | 151.00 | 75.48 | 226.48 | WARN | |
| r-devel-windows-x86_64 | 0.0.3 | 69.00 | 104.00 | 173.00 | NOTE | |
| r-patched-linux-x86_64 | 0.0.3 | 56.36 | 70.78 | 127.14 | NOTE | |
| r-release-linux-x86_64 | 0.0.3 | 53.21 | 69.54 | 122.75 | NOTE | |
| r-release-macos-arm64 | 0.0.3 | NOTE | ||||
| r-release-macos-x86_64 | 0.0.3 | 24.00 | 58.00 | 82.00 | NOTE | |
| r-release-windows-x86_64 | 0.0.3 | 64.00 | 102.00 | 166.00 | NOTE | |
| r-oldrel-macos-arm64 | 0.0.3 | NOTE | ||||
| r-oldrel-macos-x86_64 | 0.0.3 | 19.00 | 44.00 | 63.00 | NOTE | |
| r-oldrel-windows-x86_64 | 0.0.3 | 75.00 | 130.00 | 205.00 | NOTE |
Version: 0.0.3
Check: whether package can be installed
Result: WARN
Found the following significant warnings:
/home/hornik/tmp/R.check/r-devel-clang/Work/build/Packages/RcppArmadillo/include/RcppArmadillo/version/arma.h:66:17: warning: Using fallback compilation with Armadillo 14.6.3. Please consider defining -DARMA_USE_CURRENT and also removing C++11 compilation directive. See GitHub issue #475 for more. [-W#pragma-messages]
See ‘/home/hornik/tmp/R.check/r-devel-clang/Work/PKGS/cpss.Rcheck/00install.out’ for details.
* used C++ compiler: ‘Debian clang version 21.1.5 (1)’
Flavor: r-devel-linux-x86_64-debian-clang
Version: 0.0.3
Check: C++ specification
Result: NOTE
Specified C++11: support will be removed soon
Flavors: r-devel-linux-x86_64-debian-clang, r-devel-linux-x86_64-debian-gcc, r-devel-linux-x86_64-fedora-clang, r-devel-linux-x86_64-fedora-gcc
Version: 0.0.3
Check: whether package can be installed
Result: WARN
Found the following significant warnings:
/home/hornik/tmp/R.check/r-devel-gcc/Work/build/Packages/RcppArmadillo/include/RcppArmadillo/version/arma.h:66:199: note: ‘#pragma message: Using fallback compilation with Armadillo 14.6.3. Please consider defining -DARMA_USE_CURRENT and also removing C++11 compilation directive. See GitHub issue #475 for more.’
See ‘/home/hornik/tmp/R.check/r-devel-gcc/Work/PKGS/cpss.Rcheck/00install.out’ for details.
* used C++ compiler: ‘g++-15 (Debian 15.2.0-7) 15.2.0’
Flavor: r-devel-linux-x86_64-debian-gcc
Version: 0.0.3
Check: whether package can be installed
Result: WARN
Found the following significant warnings:
algos_custom.cpp:88:24: warning: 'is_finite<double>' is deprecated: change arma::is_finite(val) to std::isfinite(val) [-Wdeprecated-declarations]
algos_custom.cpp:91:24: warning: 'is_finite<double>' is deprecated: change arma::is_finite(val) to std::isfinite(val) [-Wdeprecated-declarations]
algos_custom.cpp:103:16: warning: 'is_finite<double>' is deprecated: change arma::is_finite(val) to std::isfinite(val) [-Wdeprecated-declarations]
algos_custom.cpp:157:24: warning: 'is_finite<double>' is deprecated: change arma::is_finite(val) to std::isfinite(val) [-Wdeprecated-declarations]
algos_custom.cpp:164:28: warning: 'is_finite<double>' is deprecated: change arma::is_finite(val) to std::isfinite(val) [-Wdeprecated-declarations]
algos_custom.cpp:167:28: warning: 'is_finite<double>' is deprecated: change arma::is_finite(val) to std::isfinite(val) [-Wdeprecated-declarations]
algos_custom.cpp:182:16: warning: 'is_finite<double>' is deprecated: change arma::is_finite(val) to std::isfinite(val) [-Wdeprecated-declarations]
algos_custom.cpp:230:20: warning: 'is_finite<double>' is deprecated: change arma::is_finite(val) to std::isfinite(val) [-Wdeprecated-declarations]
algos.cpp:199:24: warning: 'is_finite<double>' is deprecated: change arma::is_finite(val) to std::isfinite(val) [-Wdeprecated-declarations]
algos.cpp:202:24: warning: 'is_finite<double>' is deprecated: change arma::is_finite(val) to std::isfinite(val) [-Wdeprecated-declarations]
algos.cpp:214:16: warning: 'is_finite<double>' is deprecated: change arma::is_finite(val) to std::isfinite(val) [-Wdeprecated-declarations]
algos.cpp:271:24: warning: 'is_finite<double>' is deprecated: change arma::is_finite(val) to std::isfinite(val) [-Wdeprecated-declarations]
algos.cpp:278:28: warning: 'is_finite<double>' is deprecated: change arma::is_finite(val) to std::isfinite(val) [-Wdeprecated-declarations]
algos.cpp:281:28: warning: 'is_finite<double>' is deprecated: change arma::is_finite(val) to std::isfinite(val) [-Wdeprecated-declarations]
algos.cpp:296:16: warning: 'is_finite<double>' is deprecated: change arma::is_finite(val) to std::isfinite(val) [-Wdeprecated-declarations]
algos.cpp:347:20: warning: 'is_finite<double>' is deprecated: change arma::is_finite(val) to std::isfinite(val) [-Wdeprecated-declarations]
See ‘/data/gannet/ripley/R/packages/tests-clang/cpss.Rcheck/00install.out’ for details.
* used C++ compiler: ‘clang version 21.1.6’
Flavor: r-devel-linux-x86_64-fedora-clang
Version: 0.0.3
Check: whether package can be installed
Result: WARN
Found the following significant warnings:
algos.cpp:199:33: warning: ‘bool arma::is_finite(eT, const typename arma_scalar_only<T>::result*) [with eT = double; typename arma_scalar_only<T>::result = double]’ is deprecated: change arma::is_finite(val) to std::isfinite(val) [-Wdeprecated-declarations]
algos.cpp:202:33: warning: ‘bool arma::is_finite(eT, const typename arma_scalar_only<T>::result*) [with eT = double; typename arma_scalar_only<T>::result = double]’ is deprecated: change arma::is_finite(val) to std::isfinite(val) [-Wdeprecated-declarations]
algos.cpp:214:25: warning: ‘bool arma::is_finite(eT, const typename arma_scalar_only<T>::result*) [with eT = double; typename arma_scalar_only<T>::result = double]’ is deprecated: change arma::is_finite(val) to std::isfinite(val) [-Wdeprecated-declarations]
algos.cpp:271:33: warning: ‘bool arma::is_finite(eT, const typename arma_scalar_only<T>::result*) [with eT = double; typename arma_scalar_only<T>::result = double]’ is deprecated: change arma::is_finite(val) to std::isfinite(val) [-Wdeprecated-declarations]
algos.cpp:278:37: warning: ‘bool arma::is_finite(eT, const typename arma_scalar_only<T>::result*) [with eT = double; typename arma_scalar_only<T>::result = double]’ is deprecated: change arma::is_finite(val) to std::isfinite(val) [-Wdeprecated-declarations]
algos.cpp:281:37: warning: ‘bool arma::is_finite(eT, const typename arma_scalar_only<T>::result*) [with eT = double; typename arma_scalar_only<T>::result = double]’ is deprecated: change arma::is_finite(val) to std::isfinite(val) [-Wdeprecated-declarations]
algos.cpp:296:25: warning: ‘bool arma::is_finite(eT, const typename arma_scalar_only<T>::result*) [with eT = double; typename arma_scalar_only<T>::result = double]’ is deprecated: change arma::is_finite(val) to std::isfinite(val) [-Wdeprecated-declarations]
algos.cpp:347:29: warning: ‘bool arma::is_finite(eT, const typename arma_scalar_only<T>::result*) [with eT = double; typename arma_scalar_only<T>::result = double]’ is deprecated: change arma::is_finite(val) to std::isfinite(val) [-Wdeprecated-declarations]
algos_custom.cpp:88:33: warning: ‘bool arma::is_finite(eT, const typename arma_scalar_only<T>::result*) [with eT = double; typename arma_scalar_only<T>::result = double]’ is deprecated: change arma::is_finite(val) to std::isfinite(val) [-Wdeprecated-declarations]
algos_custom.cpp:91:33: warning: ‘bool arma::is_finite(eT, const typename arma_scalar_only<T>::result*) [with eT = double; typename arma_scalar_only<T>::result = double]’ is deprecated: change arma::is_finite(val) to std::isfinite(val) [-Wdeprecated-declarations]
algos_custom.cpp:103:25: warning: ‘bool arma::is_finite(eT, const typename arma_scalar_only<T>::result*) [with eT = double; typename arma_scalar_only<T>::result = double]’ is deprecated: change arma::is_finite(val) to std::isfinite(val) [-Wdeprecated-declarations]
algos_custom.cpp:157:33: warning: ‘bool arma::is_finite(eT, const typename arma_scalar_only<T>::result*) [with eT = double; typename arma_scalar_only<T>::result = double]’ is deprecated: change arma::is_finite(val) to std::isfinite(val) [-Wdeprecated-declarations]
algos_custom.cpp:164:37: warning: ‘bool arma::is_finite(eT, const typename arma_scalar_only<T>::result*) [with eT = double; typename arma_scalar_only<T>::result = double]’ is deprecated: change arma::is_finite(val) to std::isfinite(val) [-Wdeprecated-declarations]
algos_custom.cpp:167:37: warning: ‘bool arma::is_finite(eT, const typename arma_scalar_only<T>::result*) [with eT = double; typename arma_scalar_only<T>::result = double]’ is deprecated: change arma::is_finite(val) to std::isfinite(val) [-Wdeprecated-declarations]
algos_custom.cpp:182:25: warning: ‘bool arma::is_finite(eT, const typename arma_scalar_only<T>::result*) [with eT = double; typename arma_scalar_only<T>::result = double]’ is deprecated: change arma::is_finite(val) to std::isfinite(val) [-Wdeprecated-declarations]
algos_custom.cpp:230:29: warning: ‘bool arma::is_finite(eT, const typename arma_scalar_only<T>::result*) [with eT = double; typename arma_scalar_only<T>::result = double]’ is deprecated: change arma::is_finite(val) to std::isfinite(val) [-Wdeprecated-declarations]
See ‘/data/gannet/ripley/R/packages/tests-devel/cpss.Rcheck/00install.out’ for details.
* used C++ compiler: ‘g++ (GCC) 15.1.1 20250521 (Red Hat 15.1.1-2)’
Flavor: r-devel-linux-x86_64-fedora-gcc
Version: 0.0.3
Check: C++ specification
Result: NOTE
Specified C++11: please drop specification unless essential
Flavors: r-devel-windows-x86_64, r-patched-linux-x86_64, r-release-linux-x86_64, r-release-macos-arm64, r-release-macos-x86_64, r-release-windows-x86_64, r-oldrel-macos-arm64, r-oldrel-macos-x86_64, r-oldrel-windows-x86_64