Last updated on 2025-07-21 20:49:58 CEST.
Flavor | Version | Tinstall | Tcheck | Ttotal | Status | Flags |
---|---|---|---|---|---|---|
r-devel-linux-x86_64-debian-clang | 0.5.2 | 8.04 | 51.09 | 59.13 | OK | |
r-devel-linux-x86_64-debian-gcc | 0.5.4 | 5.94 | 40.72 | 46.66 | OK | |
r-devel-linux-x86_64-fedora-clang | 0.5.4 | 100.94 | OK | |||
r-devel-linux-x86_64-fedora-gcc | 0.5.4 | 106.66 | OK | |||
r-devel-windows-x86_64 | 0.5.2 | 15.00 | 76.00 | 91.00 | OK | |
r-patched-linux-x86_64 | 0.5.2 | 7.44 | 47.68 | 55.12 | OK | |
r-release-linux-x86_64 | 0.5.2 | 7.54 | 47.46 | 55.00 | OK | |
r-release-macos-arm64 | 0.5.2 | 97.00 | OK | |||
r-release-macos-x86_64 | 0.5.4 | 151.00 | OK | |||
r-release-windows-x86_64 | 0.5.4 | 15.00 | 80.00 | 95.00 | OK | |
r-oldrel-macos-arm64 | 0.5.2 | 118.00 | NOTE | |||
r-oldrel-macos-x86_64 | 0.5.4 | 139.00 | NOTE | |||
r-oldrel-windows-x86_64 | 0.5.4 | 20.00 | 95.00 | 115.00 | NOTE |
Version: 0.5.2
Check: installed package size
Result: NOTE
installed size is 8.3Mb
sub-directories of 1Mb or more:
doc 1.5Mb
include 6.5Mb
Flavor: r-oldrel-macos-arm64
Version: 0.5.4
Check: installed package size
Result: NOTE
installed size is 8.6Mb
sub-directories of 1Mb or more:
doc 1.8Mb
include 6.5Mb
Flavors: r-oldrel-macos-x86_64, r-oldrel-windows-x86_64