CRAN Package Check Results for Package countsplit

Last updated on 2025-07-26 19:49:49 CEST.

Flavor Version Tinstall Tcheck Ttotal Status Flags
r-devel-linux-x86_64-debian-clang 4.0.0 13.11 52.07 65.18 NOTE
r-devel-linux-x86_64-debian-gcc 4.0.0 11.99 39.86 51.85 NOTE
r-devel-linux-x86_64-fedora-clang 4.0.0 104.78 OK
r-devel-linux-x86_64-fedora-gcc 4.0.0 99.64 OK
r-devel-windows-x86_64 4.0.0 19.00 91.00 110.00 OK
r-patched-linux-x86_64 4.0.0 15.86 49.98 65.84 OK
r-release-linux-x86_64 4.0.0 16.68 49.71 66.39 OK
r-release-macos-arm64 4.0.0 43.00 OK
r-release-macos-x86_64 4.0.0 59.00 OK
r-release-windows-x86_64 4.0.0 20.00 80.00 100.00 OK
r-oldrel-macos-arm64 4.0.0 33.00 OK
r-oldrel-macos-x86_64 4.0.0 48.00 OK
r-oldrel-windows-x86_64 4.0.0 24.00 96.00 120.00 OK

Check Details

Version: 4.0.0
Check: CRAN incoming feasibility
Result: NOTE Maintainer: ‘Anna Neufeld <aneufeld@fredhutch.org>’ The Description field contains <arXiv:2307.12985>. Intended for turning a matrix of single-cell RNA Please refer to arXiv e-prints via their arXiv DOI <doi:10.48550/arXiv.YYMM.NNNNN>. Flavors: r-devel-linux-x86_64-debian-clang, r-devel-linux-x86_64-debian-gcc