Last updated on 2025-09-30 20:50:35 CEST.
Flavor | Version | Tinstall | Tcheck | Ttotal | Status | Flags |
---|---|---|---|---|---|---|
r-devel-linux-x86_64-debian-clang | 1.0.2 | 31.53 | 401.35 | 432.88 | NOTE | |
r-devel-linux-x86_64-debian-gcc | 1.0.2 | 23.55 | 361.06 | 384.61 | NOTE | |
r-devel-linux-x86_64-fedora-clang | 1.0.2 | 629.54 | OK | |||
r-devel-linux-x86_64-fedora-gcc | 1.0.2 | 640.84 | OK | |||
r-devel-windows-x86_64 | 1.0.2 | 41.00 | 470.00 | 511.00 | OK | |
r-patched-linux-x86_64 | 1.0.2 | 32.05 | 384.05 | 416.10 | OK | |
r-release-linux-x86_64 | 1.0.2 | 29.10 | 383.63 | 412.73 | OK | |
r-release-macos-arm64 | 1.0.2 | 196.00 | OK | |||
r-release-macos-x86_64 | 1.0.2 | 392.00 | OK | |||
r-release-windows-x86_64 | 1.0.2 | 42.00 | 467.00 | 509.00 | OK | |
r-oldrel-macos-arm64 | 1.0.2 | 188.00 | OK | |||
r-oldrel-macos-x86_64 | 1.0.2 | 258.00 | OK | |||
r-oldrel-windows-x86_64 | 1.0.2 | 52.00 | 610.00 | 662.00 | OK |
Version: 1.0.2
Check: CRAN incoming feasibility
Result: NOTE
Maintainer: ‘Brian King <brianking387@gmail.com>’
The Description field contains
King and Kowal (2022) <arXiv:2110.14790>, and Kowal and Wu (2023)
<arXiv:2110.12316>.
Please refer to arXiv e-prints via their arXiv DOI <doi:10.48550/arXiv.YYMM.NNNNN>.
Flavors: r-devel-linux-x86_64-debian-clang, r-devel-linux-x86_64-debian-gcc