Last updated on 2025-10-29 07:50:33 CET.
| Flavor | Version | Tinstall | Tcheck | Ttotal | Status | Flags |
|---|---|---|---|---|---|---|
| r-devel-linux-x86_64-debian-clang | 1.0.2 | 21.04 | 130.06 | 151.10 | NOTE | |
| r-devel-linux-x86_64-debian-gcc | 1.0.2 | 16.34 | 128.66 | 145.00 | NOTE | |
| r-devel-linux-x86_64-fedora-clang | 1.1.0 | 46.00 | 174.45 | 220.45 | OK | |
| r-devel-linux-x86_64-fedora-gcc | 1.1.0 | 52.00 | 183.16 | 235.16 | OK | |
| r-devel-windows-x86_64 | 1.0.2 | 25.00 | 154.00 | 179.00 | OK | |
| r-patched-linux-x86_64 | 1.0.2 | 24.09 | 127.69 | 151.78 | OK | |
| r-release-linux-x86_64 | 1.0.2 | 24.09 | 128.06 | 152.15 | OK | |
| r-release-macos-arm64 | 1.1.0 | 15.00 | 64.00 | 79.00 | OK | |
| r-release-macos-x86_64 | 1.1.0 | 34.00 | 199.00 | 233.00 | OK | |
| r-release-windows-x86_64 | 1.1.0 | 33.00 | 143.00 | 176.00 | OK | |
| r-oldrel-macos-arm64 | 1.1.0 | 14.00 | 70.00 | 84.00 | NOTE | |
| r-oldrel-macos-x86_64 | 1.1.0 | 51.00 | 225.00 | 276.00 | NOTE | |
| r-oldrel-windows-x86_64 | 1.0.2 | 30.00 | 203.00 | 233.00 | OK |
Version: 1.0.2
Check: CRAN incoming feasibility
Result: NOTE
Maintainer: ‘Alessio Albanese <alessio.albanese@wur.nl>’
The Description field contains
W., and Behrouzi, P. (2024) <arXiv:2403.18602>. Build multiple networks
Please refer to arXiv e-prints via their arXiv DOI <doi:10.48550/arXiv.YYMM.NNNNN>.
Flavors: r-devel-linux-x86_64-debian-clang, r-devel-linux-x86_64-debian-gcc
Version: 1.1.0
Check: installed package size
Result: NOTE
installed size is 6.6Mb
sub-directories of 1Mb or more:
libs 6.1Mb
Flavors: r-oldrel-macos-arm64, r-oldrel-macos-x86_64