Last updated on 2025-10-29 07:50:33 CET.
| Flavor | Version | Tinstall | Tcheck | Ttotal | Status | Flags | 
|---|---|---|---|---|---|---|
| r-devel-linux-x86_64-debian-clang | 1.3.8 | 3.97 | 36.98 | 40.95 | NOTE | |
| r-devel-linux-x86_64-debian-gcc | 1.3.8 | 3.32 | 27.08 | 30.40 | NOTE | |
| r-devel-linux-x86_64-fedora-clang | 1.3.8 | 10.00 | 53.44 | 63.44 | OK | |
| r-devel-linux-x86_64-fedora-gcc | 1.3.8 | 59.81 | OK | |||
| r-devel-windows-x86_64 | 1.3.8 | 6.00 | 52.00 | 58.00 | OK | |
| r-patched-linux-x86_64 | 1.3.8 | 4.95 | 34.91 | 39.86 | OK | |
| r-release-linux-x86_64 | 1.3.8 | 4.19 | 34.43 | 38.62 | OK | |
| r-release-macos-arm64 | 1.3.8 | 2.00 | 19.00 | 21.00 | OK | |
| r-release-macos-x86_64 | 1.3.8 | 5.00 | 39.00 | 44.00 | OK | |
| r-release-windows-x86_64 | 1.3.8 | 6.00 | 61.00 | 67.00 | OK | |
| r-oldrel-macos-arm64 | 1.3.8 | 2.00 | 31.00 | 33.00 | OK | |
| r-oldrel-macos-x86_64 | 1.3.8 | 3.00 | 30.00 | 33.00 | OK | |
| r-oldrel-windows-x86_64 | 1.3.8 | 7.00 | 61.00 | 68.00 | OK | 
Version: 1.3.8
Check: CRAN incoming feasibility
Result: NOTE
  Maintainer: ‘Weiliang Qiu <weiliang.qiu@gmail.com>’
  
  No Authors@R field in DESCRIPTION.
  Please add one, modifying
    Authors@R: c(person(given = "Weiliang",
                        family = "Qiu",
                        role = c("aut", "cre"),
                        email = "weiliang.qiu@gmail.com"),
                 person(given = "Harry",
                        family = "Joe.",
                        role = "aut",
                        email = "harry@stat.ubc.ca"))
  as necessary.
Flavors: r-devel-linux-x86_64-debian-clang, r-devel-linux-x86_64-debian-gcc