Last updated on 2025-11-28 07:48:42 CET.
| Flavor | Version | Tinstall | Tcheck | Ttotal | Status | Flags |
|---|---|---|---|---|---|---|
| r-devel-linux-x86_64-debian-clang | 0.1.0 | 208.14 | 1020.20 | 1228.34 | ERROR | |
| r-devel-linux-x86_64-debian-gcc | 0.1.0 | 186.92 | 762.51 | 949.43 | OK | |
| r-devel-linux-x86_64-fedora-clang | 0.1.0 | 331.00 | 1002.52 | 1333.52 | ERROR | |
| r-devel-linux-x86_64-fedora-gcc | 0.1.0 | 1140.00 | 491.03 | 1631.03 | ERROR | |
| r-devel-windows-x86_64 | 0.1.0 | 208.00 | 736.00 | 944.00 | OK | |
| r-patched-linux-x86_64 | 0.1.0 | 223.73 | 1085.63 | 1309.36 | ERROR | |
| r-release-linux-x86_64 | 0.1.0 | 226.15 | 1150.31 | 1376.46 | OK | |
| r-release-macos-arm64 | 0.1.0 | OK | ||||
| r-release-macos-x86_64 | 0.1.0 | 207.00 | 482.00 | 689.00 | OK | |
| r-release-windows-x86_64 | 0.1.0 | 200.00 | 742.00 | 942.00 | OK | |
| r-oldrel-macos-arm64 | 0.1.0 | NOTE | ||||
| r-oldrel-macos-x86_64 | 0.1.0 | 166.00 | 319.00 | 485.00 | NOTE | |
| r-oldrel-windows-x86_64 | 0.1.0 | 249.00 | 835.00 | 1084.00 | OK |
Version: 0.1.0
Check: re-building of vignette outputs
Result: ERROR
Error(s) in re-building vignettes:
...
--- re-building ‘CovarianceStructure.Rmd’ using rmarkdown
[WARNING] Deprecated: --highlight-style. Use --syntax-highlighting instead.
--- finished re-building ‘CovarianceStructure.Rmd’
--- re-building ‘SpatialExMeuseData.Rmd’ using rmarkdown
Quitting from SpatialExMeuseData.Rmd:27-42 [unnamed-chunk-1]
~~~~~~~~~~~~~~~~~~~~~~~~~~~~~~~~~~~~~~~~~~~~~~~~~~~~~~~~~~~~~~~~~~~~~~~~~~~~~~~~
<error/rlang_error>
Error in `library()`:
! there is no package called 'giscoR'
---
Backtrace:
▆
1. └─base::library(giscoR)
~~~~~~~~~~~~~~~~~~~~~~~~~~~~~~~~~~~~~~~~~~~~~~~~~~~~~~~~~~~~~~~~~~~~~~~~~~~~~~~~
Error: processing vignette 'SpatialExMeuseData.Rmd' failed with diagnostics:
there is no package called 'giscoR'
--- failed re-building ‘SpatialExMeuseData.Rmd’
SUMMARY: processing the following file failed:
‘SpatialExMeuseData.Rmd’
Error: Vignette re-building failed.
Execution halted
Flavors: r-devel-linux-x86_64-debian-clang, r-patched-linux-x86_64
Version: 0.1.0
Check: re-building of vignette outputs
Result: ERROR
Error(s) in re-building vignettes:
--- re-building ‘CovarianceStructure.Rmd’ using rmarkdown
[WARNING] Deprecated: --highlight-style. Use --syntax-highlighting instead.
--- finished re-building ‘CovarianceStructure.Rmd’
Warning: elapsed-time limit of 1 hours reached for sub-process
--- re-building ‘SpatialExMeuseData.Rmd’ using rmarkdown
OMP: Warning #96: Cannot form a team with 24 threads, using 2 instead.
OMP: Hint Consider unsetting KMP_DEVICE_THREAD_LIMIT (KMP_ALL_THREADS), KMP_TEAMS_THREAD_LIMIT, and OMP_THREAD_LIMIT (if any are set).
SUMMARY: processing the following file failed:
‘SpatialExMeuseData.Rmd’
Error: Vignette re-building failed.
Execution halted
Flavor: r-devel-linux-x86_64-fedora-clang
Version: 0.1.0
Check: re-building of vignette outputs
Result: ERROR
Error(s) in re-building vignettes:
--- re-building ‘CovarianceStructure.Rmd’ using rmarkdown
[WARNING] Deprecated: --highlight-style. Use --syntax-highlighting instead.
--- finished re-building ‘CovarianceStructure.Rmd’
Warning: elapsed-time limit of 1 hours reached for sub-process
--- re-building ‘SpatialExMeuseData.Rmd’ using rmarkdown
SUMMARY: processing the following file failed:
‘SpatialExMeuseData.Rmd’
Error: Vignette re-building failed.
Execution halted
Flavor: r-devel-linux-x86_64-fedora-gcc
Version: 0.1.0
Check: installed package size
Result: NOTE
installed size is 84.4Mb
sub-directories of 1Mb or more:
libs 83.9Mb
Flavors: r-oldrel-macos-arm64, r-oldrel-macos-x86_64