CRAN Package Check Results for Package clinicalsignificance

Last updated on 2025-10-22 21:00:00 CEST.

Flavor Version Tinstall Tcheck Ttotal Status Flags
r-devel-linux-x86_64-debian-clang 2.1.0 6.52 177.48 184.00 NOTE
r-devel-linux-x86_64-debian-gcc 2.1.0 4.26 124.74 129.00 NOTE
r-devel-linux-x86_64-fedora-clang 2.1.0 38.00 249.46 287.46 NOTE
r-devel-linux-x86_64-fedora-gcc 2.1.0 15.00 263.68 278.68 NOTE
r-devel-windows-x86_64 2.1.0 8.00 193.00 201.00 NOTE
r-patched-linux-x86_64 2.1.0 7.24 166.37 173.61 NOTE
r-release-linux-x86_64 2.1.0 7.04 168.59 175.63 NOTE
r-release-macos-arm64 2.1.0 3.00 69.00 72.00 NOTE
r-release-macos-x86_64 2.1.0 5.00 147.00 152.00 NOTE
r-release-windows-x86_64 2.1.0 10.00 183.00 193.00 NOTE
r-oldrel-macos-arm64 2.1.0 3.00 76.00 79.00 OK
r-oldrel-macos-x86_64 2.1.0 6.00 145.00 151.00 OK
r-oldrel-windows-x86_64 2.1.0 13.00 237.00 250.00 OK

Check Details

Version: 2.1.0
Check: DESCRIPTION meta-information
Result: NOTE Missing dependency on R >= 4.2.0 because package code uses the pipe placeholder syntax added in R 4.2.0. File(s) using such syntax: ‘calc_rci.R’ Flavors: r-devel-linux-x86_64-debian-clang, r-devel-linux-x86_64-debian-gcc, r-devel-linux-x86_64-fedora-clang, r-devel-linux-x86_64-fedora-gcc, r-devel-windows-x86_64, r-patched-linux-x86_64, r-release-linux-x86_64, r-release-macos-arm64, r-release-windows-x86_64

Version: 2.1.0
Check: HTML version of manual
Result: NOTE Found the following HTML validation problems: calc_anchor.cs_anchor_group_between.html:64:1 (calc_anchor.cs_anchor_group_between.Rd:25): Warning: missing </ul> before </div> calc_anchor.cs_anchor_group_within.html:63:1 (calc_anchor.cs_anchor_group_within.Rd:24): Warning: missing </ul> before </div> calc_anchor.cs_anchor_individual_within.html:61:1 (calc_anchor.cs_anchor_individual_within.Rd:18): Warning: missing </ul> before </div> calc_cutoff_from_data.cs_ha.html:81:1 (calc_cutoff_from_data.cs_ha.Rd:34): Warning: missing </ul> before </div> calc_cutoff_from_data.default.html:72:1 (calc_cutoff_from_data.default.Rd:27): Warning: missing </ul> before </div> calc_rci.cs_gln.html:55:1 (calc_rci.cs_gln.Rd:18): Warning: missing </ul> before </div> calc_rci.cs_ha.html:57:1 (calc_rci.cs_ha.Rd:20): Warning: missing </ul> before </div> calc_rci.cs_hll.html:56:1 (calc_rci.cs_hll.Rd:19): Warning: missing </ul> before </div> calc_rci.cs_jt.html:60:1 (calc_rci.cs_jt.Rd:17): Warning: missing </ul> before </div> calc_rci.cs_nk.html:56:1 (calc_rci.cs_nk.Rd:19): Warning: missing </ul> before </div> create_summary_table.cs_combined.html:78:1 (create_summary_table.cs_combined.Rd:31): Warning: missing </ul> before </div> create_summary_table.cs_distribution.html:70:1 (create_summary_table.cs_distribution.Rd:20): Warning: missing </ul> before </div> create_summary_table.cs_statistical.html:47:1 (create_summary_table.cs_statistical.Rd:10): Warning: missing </ul> before </div> Flavor: r-devel-linux-x86_64-debian-clang

Version: 2.1.0
Check: DESCRIPTION meta-information
Result: NOTE Missing dependency on R >= 4.1.0 because package code uses the pipe |> or function shorthand \(...) syntax added in R 4.1.0. File(s) using such syntax: ‘calc_anchor.R’ ‘calc_cutoff.R’ ‘calc_percentage.R’ ‘calc_rci.R’ ‘calc_recovered.R’ ‘create_summary_table.R’ ‘cs_anchor.R’ ‘cs_combined.R’ ‘cs_distribution.R’ ‘cs_get_augmented_data.R’ ‘cs_get_cutoff.R’ ‘cs_get_cutoff_descriptives.R’ ‘cs_get_n.R’ ‘cs_get_reliability.R’ ‘cs_percentage.R’ ‘cs_statistical.R’ ‘package-utils.R’ ‘plot.R’ ‘prep_data.R’ Flavor: r-release-macos-x86_64