Last updated on 2025-10-08 20:49:19 CEST.
Flavor | Version | Tinstall | Tcheck | Ttotal | Status | Flags |
---|---|---|---|---|---|---|
r-devel-linux-x86_64-debian-clang | 0.1.0 | 9.47 | 87.04 | 96.51 | ERROR | |
r-devel-linux-x86_64-debian-gcc | 0.1.0 | 6.72 | 66.88 | 73.60 | OK | |
r-devel-linux-x86_64-fedora-clang | 0.1.0 | 150.18 | OK | |||
r-devel-linux-x86_64-fedora-gcc | 0.1.0 | 155.71 | OK | |||
r-devel-windows-x86_64 | 0.1.0 | 11.00 | 117.00 | 128.00 | OK | |
r-patched-linux-x86_64 | 0.1.0 | 8.45 | 83.97 | 92.42 | OK | |
r-release-linux-x86_64 | 0.1.0 | 8.32 | 84.88 | 93.20 | OK | |
r-release-macos-arm64 | 0.1.0 | 75.00 | OK | |||
r-release-macos-x86_64 | 0.1.0 | 120.00 | OK | |||
r-release-windows-x86_64 | 0.1.0 | 11.00 | 124.00 | 135.00 | OK | |
r-oldrel-macos-arm64 | 0.1.0 | 67.00 | OK | |||
r-oldrel-macos-x86_64 | 0.1.0 | 100.00 | OK | |||
r-oldrel-windows-x86_64 | 0.1.0 | 13.00 | 174.00 | 187.00 | ERROR |
Version: 0.1.0
Check: tests
Result: ERROR
Running ‘testthat.R’ [7s/81s]
Running the tests in ‘tests/testthat.R’ failed.
Complete output:
> # This file is part of the standard setup for testthat.
> # It is recommended that you do not modify it.
> #
> # Where should you do additional test configuration?
> # Learn more about the roles of various files in:
> # * https://r-pkgs.org/testing-design.html#sec-tests-files-overview
> # * https://testthat.r-lib.org/articles/special-files.html
>
> library(testthat)
> library(citmre)
>
> test_check("citmre")
is.response(x) is not TRUE
is.response(x) is not TRUE
is.response(x) is not TRUE
is.response(x) is not TRUE
is.response(x) is not TRUE
[ FAIL 4 | WARN 0 | SKIP 0 | PASS 12 ]
══ Failed tests ════════════════════════════════════════════════════════════════
── Failure ('test-citmre.R:5:3'): Checking output type for all frequencies ─────
rmre_data(frequency = 4) has type 'NULL', not 'double'.
── Failure ('test-citmre.R:13:3'): Checking output type when log_return is TRUE ──
rmre_data(frequency = 2, log_return = TRUE) has type 'NULL', not 'double'.
── Failure ('test-citmre.R:31:3'): Checking output null values ─────────────────
all(...) is not TRUE
`actual`: FALSE
`expected`: TRUE
── Failure ('test-citmre.R:32:3'): Checking output null values ─────────────────
all(...) is not TRUE
`actual`: FALSE
`expected`: TRUE
[ FAIL 4 | WARN 0 | SKIP 0 | PASS 12 ]
Error: Test failures
Execution halted
Flavor: r-devel-linux-x86_64-debian-clang
Version: 0.1.0
Check: re-building of vignette outputs
Result: ERROR
Error(s) in re-building vignettes:
...
--- re-building ‘citmre.Rmd’ using rmarkdown
Quitting from citmre.Rmd:49-54 [plot_2]
~~~~~~~~~~~~~~~~~~~~~~~~~~~~~~~~~~~~~~~~~~~~~~~~~~~~~~~~~~~~~~~~~~~~~~~~~~~~~~~~
<error/rlang_error>
Error in `plot.window()`:
! need finite 'xlim' values
---
Backtrace:
▆
1. ├─base::plot(data)
2. └─graphics::plot.default(data)
3. └─graphics (local) localWindow(xlim, ylim, log, asp, ...)
4. └─graphics::plot.window(...)
~~~~~~~~~~~~~~~~~~~~~~~~~~~~~~~~~~~~~~~~~~~~~~~~~~~~~~~~~~~~~~~~~~~~~~~~~~~~~~~~
Error: processing vignette 'citmre.Rmd' failed with diagnostics:
need finite 'xlim' values
--- failed re-building ‘citmre.Rmd’
SUMMARY: processing the following file failed:
‘citmre.Rmd’
Error: Vignette re-building failed.
Execution halted
Flavor: r-devel-linux-x86_64-debian-clang
Version: 0.1.0
Check: tests
Result: ERROR
Running 'testthat.R' [41s]
Running the tests in 'tests/testthat.R' failed.
Complete output:
> # This file is part of the standard setup for testthat.
> # It is recommended that you do not modify it.
> #
> # Where should you do additional test configuration?
> # Learn more about the roles of various files in:
> # * https://r-pkgs.org/testing-design.html#sec-tests-files-overview
> # * https://testthat.r-lib.org/articles/special-files.html
>
> library(testthat)
> library(citmre)
>
> test_check("citmre")
is.response(x) is not TRUE
[ FAIL 1 | WARN 0 | SKIP 0 | PASS 15 ]
══ Failed tests ════════════════════════════════════════════════════════════════
── Failure ('test-citmre.R:30:3'): Checking output null values ─────────────────
all(...) is not TRUE
`actual`: FALSE
`expected`: TRUE
[ FAIL 1 | WARN 0 | SKIP 0 | PASS 15 ]
Error: Test failures
Execution halted
Flavor: r-oldrel-windows-x86_64
Version: 0.1.0
Check: re-building of vignette outputs
Result: ERROR
Error(s) in re-building vignettes:
--- re-building 'citmre.Rmd' using rmarkdown
Quitting from citmre.Rmd:58-63 [plot_3]
~~~~~~~~~~~~~~~~~~~~~~~~~~~~~~~~~~~~~~~~~~~~~~~~~~~~~~~~~~~~~~~~~~~~~~~~~~~~~~~~
<error/rlang_error>
Error in `plot.window()`:
! need finite 'xlim' values
---
Backtrace:
▆
1. ├─base::plot(data_log)
2. └─graphics::plot.default(data_log)
3. └─graphics (local) localWindow(xlim, ylim, log, asp, ...)
4. └─graphics::plot.window(...)
~~~~~~~~~~~~~~~~~~~~~~~~~~~~~~~~~~~~~~~~~~~~~~~~~~~~~~~~~~~~~~~~~~~~~~~~~~~~~~~~
Error: processing vignette 'citmre.Rmd' failed with diagnostics:
need finite 'xlim' values
--- failed re-building 'citmre.Rmd'
SUMMARY: processing the following file failed:
'citmre.Rmd'
Error: Vignette re-building failed.
Execution halted
Flavor: r-oldrel-windows-x86_64