Last updated on 2025-07-21 20:49:57 CEST.
Flavor | Version | Tinstall | Tcheck | Ttotal | Status | Flags |
---|---|---|---|---|---|---|
r-devel-linux-x86_64-debian-clang | 5.0.0 | 33.48 | 260.62 | 294.10 | OK | |
r-devel-linux-x86_64-debian-gcc | 5.0.0 | 19.59 | 163.74 | 183.33 | OK | |
r-devel-linux-x86_64-fedora-clang | 5.0.0 | 456.64 | OK | |||
r-devel-linux-x86_64-fedora-gcc | 5.0.0 | 433.13 | OK | |||
r-devel-windows-x86_64 | 5.0.0 | 30.00 | 202.00 | 232.00 | OK | |
r-patched-linux-x86_64 | 5.0.0 | 30.52 | 241.65 | 272.17 | OK | |
r-release-linux-x86_64 | 5.0.0 | 27.42 | 236.97 | 264.39 | OK | |
r-release-macos-arm64 | 5.0.0 | 93.00 | OK | |||
r-release-macos-x86_64 | 5.0.0 | 164.00 | OK | |||
r-release-windows-x86_64 | 5.0.0 | 30.00 | 200.00 | 230.00 | OK | |
r-oldrel-macos-arm64 | 5.0.0 | 100.00 | NOTE | |||
r-oldrel-macos-x86_64 | 5.0.0 | 166.00 | NOTE | |||
r-oldrel-windows-x86_64 | 5.0.0 | 43.00 | 301.00 | 344.00 | NOTE |
Version: 5.0.0
Check: package dependencies
Result: NOTE
Package suggested but not available for checking: ‘rnaturalearthhires’
Flavors: r-oldrel-macos-arm64, r-oldrel-macos-x86_64, r-oldrel-windows-x86_64