Last updated on 2025-10-28 07:48:37 CET.
| Flavor | Version | Tinstall | Tcheck | Ttotal | Status | Flags |
|---|---|---|---|---|---|---|
| r-devel-linux-x86_64-debian-clang | 0.1.7 | 4.27 | 35.85 | 40.12 | NOTE | |
| r-devel-linux-x86_64-debian-gcc | 0.1.7 | 2.89 | 27.09 | 29.98 | NOTE | |
| r-devel-linux-x86_64-fedora-clang | 0.1.8 | 21.00 | 43.12 | 64.12 | OK | |
| r-devel-linux-x86_64-fedora-gcc | 0.1.8 | 11.00 | 50.04 | 61.04 | OK | |
| r-devel-windows-x86_64 | 0.1.8 | 6.00 | 76.00 | 82.00 | OK | |
| r-patched-linux-x86_64 | 0.1.7 | 4.21 | 34.65 | 38.86 | OK | |
| r-release-linux-x86_64 | 0.1.7 | 3.80 | 35.11 | 38.91 | OK | |
| r-release-macos-arm64 | 0.1.8 | 2.00 | 19.00 | 21.00 | OK | |
| r-release-macos-x86_64 | 0.1.8 | 5.00 | 77.00 | 82.00 | OK | |
| r-release-windows-x86_64 | 0.1.7 | 6.00 | 54.00 | 60.00 | OK | |
| r-oldrel-macos-arm64 | 0.1.8 | 2.00 | 25.00 | 27.00 | OK | |
| r-oldrel-macos-x86_64 | 0.1.8 | 11.00 | 104.00 | 115.00 | OK | |
| r-oldrel-windows-x86_64 | 0.1.7 | 7.00 | 62.00 | 69.00 | OK |
Version: 0.1.7
Check: CRAN incoming feasibility
Result: NOTE
Maintainer: ‘Santtu Tikka <santtuth@gmail.com>’
The Description field contains
Pearl, J. (2007, 2008) <arXiv:1206.5294>,
Please refer to arXiv e-prints via their arXiv DOI <doi:10.48550/arXiv.YYMM.NNNNN>.
Flavors: r-devel-linux-x86_64-debian-clang, r-devel-linux-x86_64-debian-gcc