CRAN Package Check Results for Package cccd

Last updated on 2025-07-22 08:48:27 CEST.

Flavor Version Tinstall Tcheck Ttotal Status Flags
r-devel-linux-x86_64-debian-clang 1.6 3.72 34.50 38.22 NOTE
r-devel-linux-x86_64-debian-gcc 1.6 2.44 26.43 28.87 NOTE
r-devel-linux-x86_64-fedora-clang 1.6 61.19 OK
r-devel-linux-x86_64-fedora-gcc 1.6 57.56 OK
r-devel-windows-x86_64 1.6 6.00 59.00 65.00 OK
r-patched-linux-x86_64 1.6 3.78 32.88 36.66 OK
r-release-linux-x86_64 1.6 3.96 33.05 37.01 OK
r-release-macos-arm64 1.6 25.00 OK
r-release-macos-x86_64 1.6 39.00 OK
r-release-windows-x86_64 1.6 6.00 64.00 70.00 OK
r-oldrel-macos-arm64 1.6 22.00 OK
r-oldrel-macos-x86_64 1.6 34.00 OK
r-oldrel-windows-x86_64 1.6 7.00 65.00 72.00 OK

Check Details

Version: 1.6
Check: CRAN incoming feasibility
Result: NOTE Maintainer: ‘David J. Marchette <dmarchette@gmail.com>’ No Authors@R field in DESCRIPTION. Please add one, modifying Authors@R: person(given = c("David", "J."), family = "Marchette", role = c("aut", "cre"), email = "dmarchette@gmail.com") as necessary. Flavors: r-devel-linux-x86_64-debian-clang, r-devel-linux-x86_64-debian-gcc