Last updated on 2025-09-30 20:50:34 CEST.
Flavor | Version | Tinstall | Tcheck | Ttotal | Status | Flags |
---|---|---|---|---|---|---|
r-devel-linux-x86_64-debian-clang | 0.2.2 | 3.77 | 44.14 | 47.91 | OK | |
r-devel-linux-x86_64-debian-gcc | 0.2.2 | 2.42 | 33.22 | 35.64 | OK | |
r-devel-linux-x86_64-fedora-clang | 0.2.2 | 70.17 | OK | |||
r-devel-linux-x86_64-fedora-gcc | 0.2.2 | 83.30 | OK | |||
r-devel-windows-x86_64 | 0.2.2 | 6.00 | 57.00 | 63.00 | OK | |
r-patched-linux-x86_64 | 0.2.2 | 3.98 | 39.89 | 43.87 | OK | |
r-release-linux-x86_64 | 0.2.2 | 3.91 | 39.81 | 43.72 | OK | |
r-release-macos-arm64 | 0.2.2 | 33.00 | OK | |||
r-release-macos-x86_64 | 0.2.2 | 55.00 | OK | |||
r-release-windows-x86_64 | 0.2.2 | 5.00 | 56.00 | 61.00 | OK | |
r-oldrel-macos-arm64 | 0.2.2 | 31.00 | NOTE | |||
r-oldrel-macos-x86_64 | 0.2.2 | 44.00 | NOTE | |||
r-oldrel-windows-x86_64 | 0.2.2 | 7.00 | 68.00 | 75.00 | NOTE |
Version: 0.2.2
Check: LazyData
Result: NOTE
'LazyData' is specified without a 'data' directory
Flavors: r-oldrel-macos-arm64, r-oldrel-macos-x86_64, r-oldrel-windows-x86_64