Last updated on 2025-10-21 08:50:35 CEST.
Flavor | Version | Tinstall | Tcheck | Ttotal | Status | Flags |
---|---|---|---|---|---|---|
r-devel-linux-x86_64-debian-clang | 2.1.1 | 11.38 | 142.63 | 154.01 | NOTE | |
r-devel-linux-x86_64-debian-gcc | 2.1.1 | 8.43 | 114.17 | 122.60 | NOTE | |
r-devel-linux-x86_64-fedora-clang | 2.1.1 | 309.16 | NOTE | |||
r-devel-linux-x86_64-fedora-gcc | 2.1.1 | 310.28 | NOTE | |||
r-devel-windows-x86_64 | 2.1.1 | 15.00 | 241.00 | 256.00 | NOTE | |
r-patched-linux-x86_64 | 2.1.1 | 12.13 | 135.10 | 147.23 | NOTE | |
r-release-linux-x86_64 | 2.1.1 | 10.53 | 134.68 | 145.21 | NOTE | |
r-release-macos-arm64 | 2.1.1 | 95.00 | NOTE | |||
r-release-macos-x86_64 | 2.1.1 | 171.00 | OK | |||
r-release-windows-x86_64 | 2.1.1 | 16.00 | 245.00 | 261.00 | NOTE | |
r-oldrel-macos-arm64 | 2.1.1 | 85.00 | OK | |||
r-oldrel-macos-x86_64 | 2.1.1 | 121.00 | OK | |||
r-oldrel-windows-x86_64 | 2.1.1 | 22.00 | 301.00 | 323.00 | OK |
Version: 2.1.1
Check: DESCRIPTION meta-information
Result: NOTE
Missing dependency on R >= 4.1.0 because package code uses the pipe
|> or function shorthand \(...) syntax added in R 4.1.0.
File(s) using such syntax:
‘do_la.Rd’ ‘linalg.Rd’ ‘scale_matrix.Rd’ ‘solve.caracas_symbol.Rd’
‘solve_lin.Rd’
Flavors: r-devel-linux-x86_64-debian-clang, r-devel-linux-x86_64-debian-gcc, r-devel-linux-x86_64-fedora-clang, r-devel-linux-x86_64-fedora-gcc, r-devel-windows-x86_64, r-patched-linux-x86_64, r-release-linux-x86_64, r-release-macos-arm64, r-release-windows-x86_64
Version: 2.1.1
Check: HTML version of manual
Result: NOTE
Found the following HTML validation problems:
Math.caracas_symbol.html:51:1 (Math.caracas_symbol.Rd:12): Warning: missing </ul> before </div>
Ops.caracas_symbol.html:51:1 (Ops.caracas_symbol.Rd:12): Warning: missing </ul> before </div>
as.character.caracas_symbol.html:55:1 (as.character.caracas_symbol.Rd:14): Warning: missing </ul> before </div>
as_character.html:46:1 (as_character.Rd:10): Warning: missing </ul> before </div>
diag-set.html:50:1 (diag-set.Rd:13): Warning: missing </ul> before </div>
diag.html:50:1 (diag.Rd:12): Warning: missing </ul> before </div>
diag.caracas_symbol.html:51:1 (diag.caracas_symbol.Rd:12): Warning: missing </ul> before </div>
dim.caracas_symbol.html:47:1 (dim.caracas_symbol.Rd:10): Warning: missing </ul> before </div>
expand_func.html:46:1 (expand_func.Rd:10): Warning: missing </ul> before </div>
expand_trig.html:46:1 (expand_trig.Rd:10): Warning: missing </ul> before </div>
is_sym.html:46:1 (is_sym.Rd:10): Warning: missing </ul> before </div>
matrix_cross_product.html:48:1 (matrix_cross_product.Rd:14): Warning: missing </ul> before </div>
pipe.html:40:1 (pipe.Rd:7): Warning: missing </ul> before </div>
print.caracas_scaled_matrix.html:51:1 (print.caracas_scaled_matrix.Rd:12): Warning: missing </ul> before </div>
print.caracas_symbol.html:69:1 (print.caracas_symbol.Rd:24): Warning: missing </ul> before </div>
simplify.html:46:1 (simplify.Rd:10): Warning: missing </ul> before </div>
sum.caracas_symbol.html:51:1 (sum.caracas_symbol.Rd:12): Warning: missing </ul> before </div>
sym_class.html:46:1 (sym_class.Rd:10): Warning: missing </ul> before </div>
sym_inherits.html:50:1 (sym_inherits.Rd:12): Warning: missing </ul> before </div>
symbol_class.html:46:1 (symbol_class.Rd:10): Warning: missing </ul> before </div>
t.caracas_symbol.html:48:1 (t.caracas_symbol.Rd:11): Warning: missing </ul> before </div>
tex.caracas_scaled_matrix.html:51:1 (tex.caracas_scaled_matrix.Rd:12): Warning: missing </ul> before </div>
to_something.html:50:1 (to_something.Rd:17): Warning: missing </ul> before </div>
vectorfy.html:46:1 (vectorfy.Rd:10): Warning: missing </ul> before </div>
Flavor: r-devel-linux-x86_64-debian-gcc