Last updated on 2025-10-31 19:58:07 CET.
| Flavor | Version | Tinstall | Tcheck | Ttotal | Status | Flags | 
|---|---|---|---|---|---|---|
| r-devel-linux-x86_64-debian-clang | 2.0.0 | 12.10 | 32.59 | 44.69 | OK | |
| r-devel-linux-x86_64-debian-gcc | 2.0.0 | 10.05 | 26.04 | 36.09 | OK | |
| r-devel-linux-x86_64-fedora-clang | 2.0.0 | 20.00 | 42.96 | 62.96 | NOTE | |
| r-devel-linux-x86_64-fedora-gcc | 2.0.0 | 21.00 | 40.51 | 61.51 | NOTE | |
| r-devel-windows-x86_64 | 2.0.0 | 14.00 | 56.00 | 70.00 | OK | |
| r-patched-linux-x86_64 | 2.0.0 | 11.19 | 30.53 | 41.72 | OK | |
| r-release-linux-x86_64 | 2.0.0 | 11.57 | 30.99 | 42.56 | OK | |
| r-release-macos-arm64 | 2.0.0 | 8.00 | 21.00 | 29.00 | OK | |
| r-release-macos-x86_64 | 2.0.0 | 24.00 | 49.00 | 73.00 | OK | |
| r-release-windows-x86_64 | 2.0.0 | 16.00 | 57.00 | 73.00 | OK | |
| r-oldrel-macos-arm64 | 2.0.0 | 8.00 | 21.00 | 29.00 | OK | |
| r-oldrel-macos-x86_64 | 2.0.0 | 10.00 | 31.00 | 41.00 | OK | |
| r-oldrel-windows-x86_64 | 2.0.0 | 17.00 | 63.00 | 80.00 | OK | 
Version: 2.0.0
Check: dependencies in R code
Result: NOTE
  Namespace in Imports field not imported from: ‘sf’
    All declared Imports should be used.
Flavors: r-devel-linux-x86_64-fedora-clang, r-devel-linux-x86_64-fedora-gcc