Last updated on 2025-10-21 19:51:18 CEST.
Flavor | Version | Tinstall | Tcheck | Ttotal | Status | Flags |
---|---|---|---|---|---|---|
r-devel-linux-x86_64-debian-clang | 0.4.0 | 9.62 | 97.89 | 107.51 | NOTE | |
r-devel-linux-x86_64-debian-gcc | 0.4.0 | 7.04 | 71.25 | 78.29 | NOTE | |
r-devel-linux-x86_64-fedora-clang | 0.4.0 | 65.00 | 106.50 | 171.50 | OK | |
r-devel-linux-x86_64-fedora-gcc | 0.4.0 | 20.00 | 138.22 | 158.22 | OK | |
r-devel-windows-x86_64 | 0.4.0 | 11.00 | 99.00 | 110.00 | OK | |
r-patched-linux-x86_64 | 0.4.0 | 8.53 | 92.17 | 100.70 | OK | |
r-release-linux-x86_64 | 0.4.0 | 9.23 | 90.57 | 99.80 | OK | |
r-release-macos-arm64 | 0.4.0 | 4.00 | 40.00 | 44.00 | OK | |
r-release-macos-x86_64 | 0.4.0 | 8.00 | 81.00 | 89.00 | OK | |
r-release-windows-x86_64 | 0.4.0 | 12.00 | 103.00 | 115.00 | OK | |
r-oldrel-macos-arm64 | 0.4.0 | 5.00 | 46.00 | 51.00 | OK | |
r-oldrel-macos-x86_64 | 0.4.0 | 9.00 | 86.00 | 95.00 | OK | |
r-oldrel-windows-x86_64 | 0.4.0 | 16.00 | 122.00 | 138.00 | OK |
Version: 0.4.0
Check: HTML version of manual
Result: NOTE
Found the following HTML validation problems:
plot.bolasso.html:64:1 (plot.bolasso.Rd:19): Warning: missing </ul> before </div>
plot_selected_variables.html:81:1 (plot_selected_variables.Rd:33): Warning: missing </ul> before </div>
Flavors: r-devel-linux-x86_64-debian-clang, r-devel-linux-x86_64-debian-gcc