Last updated on 2025-10-22 20:59:59 CEST.
Flavor | Version | Tinstall | Tcheck | Ttotal | Status | Flags |
---|---|---|---|---|---|---|
r-devel-linux-x86_64-debian-clang | 1.3.15 | 265.24 | 137.07 | 402.31 | OK | |
r-devel-linux-x86_64-debian-gcc | 1.3.15 | 240.64 | 117.71 | 358.35 | OK | |
r-devel-linux-x86_64-fedora-clang | 1.3.15 | 960.00 | -328.70 | 631.30 | NOTE | |
r-devel-linux-x86_64-fedora-gcc | 1.3.15 | 720.00 | 50.36 | 770.36 | NOTE | |
r-devel-windows-x86_64 | 1.3.15 | 284.00 | 158.00 | 442.00 | OK | |
r-patched-linux-x86_64 | 1.3.15 | 307.60 | 156.22 | 463.82 | OK | |
r-release-linux-x86_64 | 1.3.15 | 308.51 | 155.94 | 464.45 | OK | |
r-release-macos-arm64 | 1.3.15 | 114.00 | 46.00 | 160.00 | OK | |
r-release-macos-x86_64 | 1.3.15 | 212.00 | 88.00 | 300.00 | OK | |
r-release-windows-x86_64 | 1.3.15 | 280.00 | 163.00 | 443.00 | OK | |
r-oldrel-macos-arm64 | 1.3.15 | 56.00 | 34.00 | 90.00 | NOTE | |
r-oldrel-macos-x86_64 | 1.3.15 | 66.00 | 50.00 | 116.00 | NOTE | |
r-oldrel-windows-x86_64 | 1.3.15 | 326.00 | 209.00 | 535.00 | OK |
Version: 1.3.15
Check: dependencies in R code
Result: NOTE
Namespaces in Imports field not imported from:
‘RcppParallel’ ‘rstantools’
All declared Imports should be used.
Flavors: r-devel-linux-x86_64-fedora-clang, r-devel-linux-x86_64-fedora-gcc
Version: 1.3.15
Check: installed package size
Result: NOTE
installed size is 65.1Mb
sub-directories of 1Mb or more:
libs 64.7Mb
Flavors: r-oldrel-macos-arm64, r-oldrel-macos-x86_64
Version: 1.3.15
Check: for GNU extensions in Makefiles
Result: NOTE
GNU make is a SystemRequirements.
Flavors: r-oldrel-macos-arm64, r-oldrel-macos-x86_64