Last updated on 2025-10-30 18:49:47 CET.
| Flavor | Version | Tinstall | Tcheck | Ttotal | Status | Flags | 
|---|---|---|---|---|---|---|
| r-devel-linux-x86_64-debian-clang | 1.0.1 | 1.89 | 24.25 | 26.14 | NOTE | |
| r-devel-linux-x86_64-debian-gcc | 1.0.1 | 1.68 | 19.48 | 21.16 | NOTE | |
| r-devel-linux-x86_64-fedora-clang | 1.0.1 | 41.63 | OK | |||
| r-devel-linux-x86_64-fedora-gcc | 1.0.1 | 37.64 | OK | |||
| r-devel-windows-x86_64 | 1.0.1 | 3.00 | 42.00 | 45.00 | OK | |
| r-patched-linux-x86_64 | 1.0.1 | 1.97 | 23.37 | 25.34 | OK | |
| r-release-linux-x86_64 | 1.0.1 | 2.24 | 23.36 | 25.60 | OK | |
| r-release-macos-arm64 | 1.0.1 | 2.00 | 23.00 | 25.00 | OK | |
| r-release-macos-x86_64 | 1.0.1 | 2.00 | 28.00 | 30.00 | OK | |
| r-release-windows-x86_64 | 1.0.1 | 3.00 | 44.00 | 47.00 | OK | |
| r-oldrel-macos-arm64 | 1.0.1 | 1.00 | 16.00 | 17.00 | OK | |
| r-oldrel-macos-x86_64 | 1.0.1 | 3.00 | 23.00 | 26.00 | OK | |
| r-oldrel-windows-x86_64 | 1.0.1 | 3.00 | 50.00 | 53.00 | OK | 
Version: 1.0.1
Check: CRAN incoming feasibility
Result: NOTE
  Maintainer: ‘Jo Hardin <jo.hardin@pomona.edu>’
  
  No Authors@R field in DESCRIPTION.
  Please add one, modifying
    Authors@R: person(given = "Jo",
                      family = "Hardin",
                      role = c("aut", "cre"),
                      email = "jo.hardin@pomona.edu")
  as necessary.
Flavors: r-devel-linux-x86_64-debian-clang, r-devel-linux-x86_64-debian-gcc