Last updated on 2025-07-22 08:48:27 CEST.
Flavor | Version | Tinstall | Tcheck | Ttotal | Status | Flags |
---|---|---|---|---|---|---|
r-devel-linux-x86_64-debian-clang | 0.1.4 | 4.38 | 58.53 | 62.91 | NOTE | |
r-devel-linux-x86_64-debian-gcc | 0.1.4 | 3.36 | 44.45 | 47.81 | NOTE | |
r-devel-linux-x86_64-fedora-clang | 0.1.4 | 94.59 | OK | |||
r-devel-linux-x86_64-fedora-gcc | 0.1.4 | 103.58 | OK | |||
r-devel-windows-x86_64 | 0.1.4 | 7.00 | 82.00 | 89.00 | OK | |
r-patched-linux-x86_64 | 0.1.4 | 5.40 | 53.13 | 58.53 | OK | |
r-release-linux-x86_64 | 0.1.4 | 4.28 | 53.26 | 57.54 | OK | |
r-release-macos-arm64 | 0.1.4 | 36.00 | OK | |||
r-release-macos-x86_64 | 0.1.4 | 74.00 | OK | |||
r-release-windows-x86_64 | 0.1.4 | 6.00 | 82.00 | 88.00 | OK | |
r-oldrel-macos-arm64 | 0.1.4 | 38.00 | OK | |||
r-oldrel-macos-x86_64 | 0.1.4 | 58.00 | OK | |||
r-oldrel-windows-x86_64 | 0.1.4 | 10.00 | 97.00 | 107.00 | OK |
Version: 0.1.4
Check: CRAN incoming feasibility
Result: NOTE
Maintainer: ‘Francois Keck <francois.keck@gmail.com>’
Package CITATION file contains call(s) to old-style citEntry(). Please
use bibentry() instead.
Flavors: r-devel-linux-x86_64-debian-clang, r-devel-linux-x86_64-debian-gcc