Last updated on 2025-11-03 19:49:53 CET.
| Flavor | Version | Tinstall | Tcheck | Ttotal | Status | Flags | 
|---|---|---|---|---|---|---|
| r-devel-linux-x86_64-debian-clang | 1.2.0 | 35.48 | 208.65 | 244.13 | OK | |
| r-devel-linux-x86_64-debian-gcc | 1.2.0 | 22.80 | 141.28 | 164.08 | OK | |
| r-devel-linux-x86_64-fedora-clang | 1.2.0 | 177.00 | 222.66 | 399.66 | OK | |
| r-devel-linux-x86_64-fedora-gcc | 1.2.0 | 70.00 | 303.14 | 373.14 | OK | |
| r-devel-windows-x86_64 | 1.2.0 | 39.00 | 208.00 | 247.00 | OK | |
| r-patched-linux-x86_64 | 1.2.0 | 35.38 | 194.59 | 229.97 | OK | |
| r-release-linux-x86_64 | 1.2.0 | 33.11 | 194.99 | 228.10 | OK | |
| r-release-macos-arm64 | 1.2.0 | 14.00 | 72.00 | 86.00 | OK | |
| r-release-macos-x86_64 | 1.2.0 | 27.00 | 136.00 | 163.00 | OK | |
| r-release-windows-x86_64 | 1.2.0 | 37.00 | 202.00 | 239.00 | OK | |
| r-oldrel-macos-arm64 | 1.2.0 | 14.00 | 77.00 | 91.00 | NOTE | |
| r-oldrel-macos-x86_64 | 1.2.0 | 33.00 | 150.00 | 183.00 | NOTE | |
| r-oldrel-windows-x86_64 | 1.2.0 | 51.00 | 277.00 | 328.00 | NOTE | 
Version: 1.2.0
Check: installed package size
Result: NOTE
    installed size is  6.0Mb
    sub-directories of 1Mb or more:
      data   1.7Mb
      help   2.4Mb
Flavors: r-oldrel-macos-arm64, r-oldrel-macos-x86_64, r-oldrel-windows-x86_64