Last updated on 2025-10-30 18:49:47 CET.
| Flavor | Version | Tinstall | Tcheck | Ttotal | Status | Flags | 
|---|---|---|---|---|---|---|
| r-devel-linux-x86_64-debian-clang | 1.0.4 | 7.90 | 65.26 | 73.16 | NOTE | |
| r-devel-linux-x86_64-debian-gcc | 1.0.4 | 5.20 | 49.93 | 55.13 | NOTE | |
| r-devel-linux-x86_64-fedora-clang | 1.0.4 | 32.00 | 82.60 | 114.60 | OK | |
| r-devel-linux-x86_64-fedora-gcc | 1.0.4 | 15.00 | 91.07 | 106.07 | OK | |
| r-devel-windows-x86_64 | 1.0.4 | 9.00 | 79.00 | 88.00 | OK | |
| r-patched-linux-x86_64 | 1.0.4 | 8.21 | 62.59 | 70.80 | OK | |
| r-release-linux-x86_64 | 1.0.4 | 7.75 | 62.96 | 70.71 | OK | |
| r-release-macos-arm64 | 1.0.4 | 5.00 | 39.00 | 44.00 | OK | |
| r-release-macos-x86_64 | 1.0.4 | 7.00 | 62.00 | 69.00 | OK | |
| r-release-windows-x86_64 | 1.0.4 | 9.00 | 82.00 | 91.00 | OK | |
| r-oldrel-macos-arm64 | 1.0.4 | 4.00 | 31.00 | 35.00 | OK | |
| r-oldrel-macos-x86_64 | 1.0.4 | 8.00 | 56.00 | 64.00 | OK | |
| r-oldrel-windows-x86_64 | 1.0.4 | 12.00 | 92.00 | 104.00 | OK | 
Version: 1.0.4
Check: CRAN incoming feasibility
Result: NOTE
  Maintainer: ‘Samuel V. Scarpino <s.scarpino@northeastern.edu>’
  
  No Authors@R field in DESCRIPTION.
  Please add one, modifying
    Authors@R: c(person(given = c("Samuel", "V."),
                        family = "Scarpino",
                        role = c("aut", "cre"),
                        email = "s.scarpino@northeastern.edu"),
                 person(given = "Paul",
                        family = "von Hippel",
                        role = "aut"),
                 person(given = "Igor",
                        family = "Holas",
                        role = "aut"))
  as necessary.
  
  Package CITATION file contains call(s) to old-style personList() or
  as.personList().  Please use c() on person objects instead.
  Package CITATION file contains call(s) to old-style citEntry().  Please
  use bibentry() instead.
  
  Found the following (possibly) invalid file URI:
    URI: doi.org/10.1177/0081175015599807
      From: inst/CITATION
Flavors: r-devel-linux-x86_64-debian-clang, r-devel-linux-x86_64-debian-gcc