Last updated on 2025-07-27 08:48:23 CEST.
Flavor | Version | Tinstall | Tcheck | Ttotal | Status | Flags |
---|---|---|---|---|---|---|
r-devel-linux-x86_64-debian-clang | 1.6.1 | 86.29 | 98.25 | 184.54 | OK | |
r-devel-linux-x86_64-debian-gcc | 1.6.1 | 61.95 | 72.94 | 134.89 | OK | |
r-devel-linux-x86_64-fedora-clang | 1.6.1 | 324.41 | OK | |||
r-devel-linux-x86_64-fedora-gcc | 1.6.1 | 322.56 | OK | |||
r-devel-windows-x86_64 | 1.6.1 | 113.00 | 168.00 | 281.00 | OK | |
r-patched-linux-x86_64 | 1.6.1 | 89.55 | 92.69 | 182.24 | OK | |
r-release-linux-x86_64 | 1.6.1 | 89.63 | 91.52 | 181.15 | OK | |
r-release-macos-arm64 | 1.6.1 | 113.00 | OK | |||
r-release-macos-x86_64 | 1.6.1 | 155.00 | OK | |||
r-release-windows-x86_64 | 1.6.1 | 107.00 | 154.00 | 261.00 | OK | |
r-oldrel-macos-arm64 | 1.6.1 | 87.00 | NOTE | |||
r-oldrel-macos-x86_64 | 1.6.1 | 158.00 | NOTE | |||
r-oldrel-windows-x86_64 | 1.6.1 | 130.00 | 192.00 | 322.00 | OK |
Version: 1.6.1
Check: installed package size
Result: NOTE
installed size is 6.3Mb
sub-directories of 1Mb or more:
libs 5.4Mb
Flavors: r-oldrel-macos-arm64, r-oldrel-macos-x86_64