CRAN Package Check Results for Package betaclust

Last updated on 2025-10-17 20:49:44 CEST.

Flavor Version Tinstall Tcheck Ttotal Status Flags
r-devel-linux-x86_64-debian-clang 1.0.5 10.49 99.44 109.93 OK
r-devel-linux-x86_64-debian-gcc 1.0.5 6.52 55.24 61.76 ERROR
r-devel-linux-x86_64-fedora-clang 1.0.5 176.63 OK
r-devel-linux-x86_64-fedora-gcc 1.0.5 171.57 OK
r-devel-windows-x86_64 1.0.5 11.00 149.00 160.00 OK
r-patched-linux-x86_64 1.0.5 9.98 92.51 102.49 OK
r-release-linux-x86_64 1.0.5 8.42 92.82 101.24 OK
r-release-macos-arm64 1.0.5 86.00 OK
r-release-macos-x86_64 1.0.5 169.00 OK
r-release-windows-x86_64 1.0.5 13.00 150.00 163.00 OK
r-oldrel-macos-arm64 1.0.5 90.00 OK
r-oldrel-macos-x86_64 1.0.5 180.00 OK
r-oldrel-windows-x86_64 1.0.5 14.00 181.00 195.00 OK

Check Details

Version: 1.0.5
Check: re-building of vignette outputs
Result: ERROR Error(s) in re-building vignettes: ... --- re-building ‘vignettes.Rmd’ using rmarkdown Quitting from vignettes.Rmd:72-83 [thresholds] ~~~~~~~~~~~~~~~~~~~~~~~~~~~~~~~~~~~~~~~~~~~~~~~~~~~~~~~~~~~~~~~~~~~~~~~~~~~~~~~~ <error/rlang_error> Error in `serverSocket()`: ! creation of server socket failed: port 11982 cannot be opened --- Backtrace: ▆ 1. └─betaclust::betaclust(...) 2. └─betaclust::beta_k(call_data, M, parallel_process, seed) 3. └─parallel::makeCluster(ncores - 1) 4. └─parallel::makePSOCKcluster(names = spec, ...) 5. └─base::serverSocket(port = port) ~~~~~~~~~~~~~~~~~~~~~~~~~~~~~~~~~~~~~~~~~~~~~~~~~~~~~~~~~~~~~~~~~~~~~~~~~~~~~~~~ Error: processing vignette 'vignettes.Rmd' failed with diagnostics: creation of server socket failed: port 11982 cannot be opened --- failed re-building ‘vignettes.Rmd’ SUMMARY: processing the following file failed: ‘vignettes.Rmd’ Error: Vignette re-building failed. Execution halted Flavor: r-devel-linux-x86_64-debian-gcc