CRAN Package Check Results for Package bandit

Last updated on 2025-07-22 19:51:43 CEST.

Flavor Version Tinstall Tcheck Ttotal Status Flags
r-devel-linux-x86_64-debian-clang 0.5.1 1.66 21.47 23.13 NOTE
r-devel-linux-x86_64-debian-gcc 0.5.1 1.73 17.82 19.55 NOTE
r-devel-linux-x86_64-fedora-clang 0.5.1 36.34 OK
r-devel-linux-x86_64-fedora-gcc 0.5.1 35.16 OK
r-devel-windows-x86_64 0.5.1 3.00 43.00 46.00 OK
r-patched-linux-x86_64 0.5.1 2.10 20.45 22.55 OK
r-release-linux-x86_64 0.5.1 1.89 20.32 22.21 OK
r-release-macos-arm64 0.5.1 18.00 OK
r-release-macos-x86_64 0.5.1 28.00 OK
r-release-windows-x86_64 0.5.1 3.00 46.00 49.00 OK
r-oldrel-macos-arm64 0.5.1 17.00 OK
r-oldrel-macos-x86_64 0.5.1 23.00 OK
r-oldrel-windows-x86_64 0.5.1 4.00 47.00 51.00 OK

Check Details

Version: 0.5.1
Check: CRAN incoming feasibility
Result: NOTE Maintainer: ‘Markus Loecher <markus.loecher@gmail.com>’ No Authors@R field in DESCRIPTION. Please add one, modifying Authors@R: c(person(given = "Thomas", family = "Lotze", role = "aut"), person(given = "Markus", family = "Loecher", role = c("aut", "cre"), email = "markus.loecher@gmail.com")) as necessary. Flavors: r-devel-linux-x86_64-debian-clang, r-devel-linux-x86_64-debian-gcc