Last updated on 2025-10-22 08:49:04 CEST.
Flavor | Version | Tinstall | Tcheck | Ttotal | Status | Flags |
---|---|---|---|---|---|---|
r-devel-linux-x86_64-debian-clang | 0.4.1 | 3.24 | 46.64 | 49.88 | NOTE | |
r-devel-linux-x86_64-debian-gcc | 0.4.1 | 2.41 | 34.06 | 36.47 | NOTE | |
r-devel-linux-x86_64-fedora-clang | 0.4.1 | 73.23 | OK | |||
r-devel-linux-x86_64-fedora-gcc | 0.4.1 | 68.42 | OK | |||
r-devel-windows-x86_64 | 0.4.1 | 7.00 | 79.00 | 86.00 | OK | |
r-patched-linux-x86_64 | 0.4.1 | 3.75 | 41.77 | 45.52 | OK | |
r-release-linux-x86_64 | 0.4.1 | 2.57 | 42.97 | 45.54 | OK | |
r-release-macos-arm64 | 0.4.1 | 1.00 | 25.00 | 26.00 | OK | |
r-release-macos-x86_64 | 0.4.1 | 3.00 | 41.00 | 44.00 | OK | |
r-release-windows-x86_64 | 0.4.1 | 6.00 | 80.00 | 86.00 | OK | |
r-oldrel-macos-arm64 | 0.4.1 | 2.00 | 22.00 | 24.00 | OK | |
r-oldrel-macos-x86_64 | 0.4.1 | 3.00 | 33.00 | 36.00 | OK | |
r-oldrel-windows-x86_64 | 0.4.1 | 8.00 | 89.00 | 97.00 | OK |
Version: 0.4.1
Check: HTML version of manual
Result: NOTE
Found the following HTML validation problems:
AUTO_VI.html:304:1 (AUTO_VI.Rd:145): Warning: missing </ul> before </div>
KERAS_WRAPPER.html:163:1 (KERAS_WRAPPER.Rd:75): Warning: missing </ul> before </div>
Flavors: r-devel-linux-x86_64-debian-clang, r-devel-linux-x86_64-debian-gcc