Last updated on 2025-10-31 19:58:05 CET.
| Flavor | Version | Tinstall | Tcheck | Ttotal | Status | Flags | 
|---|---|---|---|---|---|---|
| r-devel-linux-x86_64-debian-clang | 0.1.0 | 1.82 | 264.66 | 266.48 | OK | |
| r-devel-linux-x86_64-debian-gcc | 0.1.0 | 1.49 | 141.22 | 142.71 | OK | |
| r-devel-linux-x86_64-fedora-clang | 0.1.0 | 488.19 | OK | |||
| r-devel-linux-x86_64-fedora-gcc | 0.1.0 | 446.48 | OK | |||
| r-devel-windows-x86_64 | 0.1.0 | 3.00 | 266.00 | 269.00 | OK | |
| r-patched-linux-x86_64 | 0.1.0 | 1.98 | 253.87 | 255.85 | OK | |
| r-release-linux-x86_64 | 0.1.0 | 1.88 | 250.29 | 252.17 | OK | |
| r-release-macos-arm64 | 0.1.0 | 1.00 | 105.00 | 106.00 | OK | |
| r-release-macos-x86_64 | 0.1.0 | 2.00 | 238.00 | 240.00 | OK | |
| r-release-windows-x86_64 | 0.1.0 | 4.00 | 266.00 | 270.00 | OK | |
| r-oldrel-macos-arm64 | 0.1.0 | 1.00 | 102.00 | 103.00 | NOTE | |
| r-oldrel-macos-x86_64 | 0.1.0 | 2.00 | 172.00 | 174.00 | NOTE | |
| r-oldrel-windows-x86_64 | 0.1.0 | 4.00 | 336.00 | 340.00 | NOTE | 
Version: 0.1.0
Check: LazyData
Result: NOTE
    'LazyData' is specified without a 'data' directory
Flavors: r-oldrel-macos-arm64, r-oldrel-macos-x86_64, r-oldrel-windows-x86_64