CRAN Package Check Results for Package ahptopsis2n

Last updated on 2025-10-07 08:50:13 CEST.

Flavor Version Tinstall Tcheck Ttotal Status Flags
r-devel-linux-x86_64-debian-clang 0.2.0 1.64 21.44 23.08 OK
r-devel-linux-x86_64-debian-gcc 0.2.0 1.36 17.65 19.01 OK
r-devel-linux-x86_64-fedora-clang 0.2.0 35.55 OK
r-devel-linux-x86_64-fedora-gcc 0.2.0 47.52 OK
r-devel-windows-x86_64 0.2.0 2.00 41.00 43.00 OK
r-patched-linux-x86_64 0.2.0 1.62 20.59 22.21 OK
r-release-linux-x86_64 0.2.0 1.58 20.43 22.01 OK
r-release-macos-arm64 0.2.0 22.00 OK
r-release-macos-x86_64 0.2.0 39.00 OK
r-release-windows-x86_64 0.2.0 3.00 40.00 43.00 OK
r-oldrel-macos-arm64 0.2.0 29.00 NOTE
r-oldrel-macos-x86_64 0.2.0 34.00 NOTE
r-oldrel-windows-x86_64 0.2.0 3.00 46.00 49.00 NOTE

Check Details

Version: 0.2.0
Check: LazyData
Result: NOTE 'LazyData' is specified without a 'data' directory Flavors: r-oldrel-macos-arm64, r-oldrel-macos-x86_64, r-oldrel-windows-x86_64