Last updated on 2025-10-28 18:49:46 CET.
| Flavor | Version | Tinstall | Tcheck | Ttotal | Status | Flags |
|---|---|---|---|---|---|---|
| r-devel-linux-x86_64-debian-clang | 1.2.2 | 13.10 | 115.11 | 128.21 | OK | |
| r-devel-linux-x86_64-debian-gcc | 1.2.2 | 8.95 | 77.44 | 86.39 | OK | |
| r-devel-linux-x86_64-fedora-clang | 1.2.2 | 30.00 | 159.87 | 189.87 | OK | |
| r-devel-linux-x86_64-fedora-gcc | 1.2.2 | 27.00 | 165.44 | 192.44 | OK | |
| r-devel-windows-x86_64 | 1.2.2 | 14.00 | 116.00 | 130.00 | OK | |
| r-patched-linux-x86_64 | 1.2.2 | 13.40 | 103.68 | 117.08 | OK | |
| r-release-linux-x86_64 | 1.2.2 | 12.49 | 104.48 | 116.97 | OK | |
| r-release-macos-arm64 | 1.2.2 | 5.00 | 38.00 | 43.00 | OK | |
| r-release-macos-x86_64 | 1.2.2 | 12.00 | 97.00 | 109.00 | OK | |
| r-release-windows-x86_64 | 1.2.2 | 15.00 | 113.00 | 128.00 | OK | |
| r-oldrel-macos-arm64 | 1.2.2 | 4.00 | 38.00 | 42.00 | NOTE | |
| r-oldrel-macos-x86_64 | 1.2.2 | 12.00 | 110.00 | 122.00 | NOTE | |
| r-oldrel-windows-x86_64 | 1.2.2 | 19.00 | 145.00 | 164.00 | NOTE |
Version: 1.2.2
Check: package dependencies
Result: NOTE
Package which this enhances but not available for checking: ‘asreml’
Flavors: r-oldrel-macos-arm64, r-oldrel-macos-x86_64, r-oldrel-windows-x86_64