CRAN Package Check Results for Package adehabitatLT

Last updated on 2025-07-22 08:48:25 CEST.

Flavor Version Tinstall Tcheck Ttotal Status Flags
r-devel-linux-x86_64-debian-clang 0.3.29 11.62 92.28 103.90 OK
r-devel-linux-x86_64-debian-gcc 0.3.29 8.69 67.74 76.43 OK
r-devel-linux-x86_64-fedora-clang 0.3.29 163.29 OK
r-devel-linux-x86_64-fedora-gcc 0.3.29 172.40 OK
r-devel-windows-x86_64 0.3.29 18.00 129.00 147.00 OK
r-patched-linux-x86_64 0.3.29 15.25 86.58 101.83 OK
r-release-linux-x86_64 0.3.29 13.69 88.05 101.74 OK
r-release-macos-arm64 0.3.29 87.00 OK
r-release-macos-x86_64 0.3.29 112.00 OK
r-release-windows-x86_64 0.3.29 16.00 128.00 144.00 OK
r-oldrel-macos-arm64 0.3.29 70.00 OK
r-oldrel-macos-x86_64 0.3.29 146.00 OK
r-oldrel-windows-x86_64 0.3.29 22.00 0.00 22.00 FAIL

Check Details

Version: 0.3.29
Check: PDF version of manual
Result: FAIL Check process probably crashed or hung up for 20 minutes ... killed Most likely this happened in the example checks (?), if not, ignore the following last lines of example output: > puechcirc[burst="CH930824"][[1]][c(28,58,59,60),] x y date dx dy dist dt R2n abs.angle 28 699936 3158724 1993-08-24 21:30:00 NA NA NA 600 334594 NA 58 700372 3157452 1993-08-25 02:30:00 4 -80 80.09994 600 589066 -1.520838 59 700376 3157372 1993-08-25 02:40:00 -46 93 103.75452 600 714850 2.030134 60 700330 3157465 1993-08-25 02:50:00 -30 -50 58.30952 600 553325 -2.111216 rel.angle 28 NA 58 0.6242632 59 -2.7322138 60 2.1418359 > > > > > ### * <FOOTER> > ### > cleanEx() > options(digits = 7L) > base::cat("Time elapsed: ", proc.time() - base::get("ptime", pos = 'CheckExEnv'),"\n") Time elapsed: 9.75 0.85 10.6 NA NA > grDevices::dev.off() null device 1 > ### > ### Local variables: *** > ### mode: outline-minor *** > ### outline-regexp: "\\(> \\)?### [*]+" *** > ### End: *** > quit('no') ======== End of example output (where/before crash/hang up occured ?) ======== Flavor: r-oldrel-windows-x86_64