Last updated on 2025-10-29 18:51:15 CET.
| Flavor | Version | Tinstall | Tcheck | Ttotal | Status | Flags | 
|---|---|---|---|---|---|---|
| r-devel-linux-x86_64-debian-clang | 1.2.1 | 20.48 | 142.24 | 162.72 | NOTE | |
| r-devel-linux-x86_64-debian-gcc | 1.2.1 | 12.92 | 108.77 | 121.69 | NOTE | |
| r-devel-linux-x86_64-fedora-clang | 1.2.1 | 48.00 | 198.25 | 246.25 | OK | |
| r-devel-linux-x86_64-fedora-gcc | 1.2.1 | 112.00 | 143.79 | 255.79 | OK | |
| r-devel-windows-x86_64 | 1.2.1 | 16.00 | 123.00 | 139.00 | OK | |
| r-patched-linux-x86_64 | 1.2.1 | 13.48 | 104.64 | 118.12 | OK | |
| r-release-linux-x86_64 | 1.2.1 | 16.87 | 135.82 | 152.69 | OK | |
| r-release-macos-arm64 | 1.2.1 | 6.00 | 43.00 | 49.00 | OK | |
| r-release-macos-x86_64 | 1.2.1 | 11.00 | 71.00 | 82.00 | OK | |
| r-release-windows-x86_64 | 1.2.1 | 20.00 | 148.00 | 168.00 | OK | |
| r-oldrel-macos-arm64 | 1.2.1 | 6.00 | 39.00 | 45.00 | NOTE | |
| r-oldrel-macos-x86_64 | 1.2.1 | 8.00 | 58.00 | 66.00 | NOTE | |
| r-oldrel-windows-x86_64 | 1.2.1 | 23.00 | 162.00 | 185.00 | NOTE | 
Version: 1.2.1
Check: CRAN incoming feasibility
Result: NOTE
  Maintainer: ‘Guillermo Vinue <Guillermo.Vinue@uv.es>’
  
  No Authors@R field in DESCRIPTION.
  Please add one, modifying
    Authors@R: c(person(given = "Guillermo",
                        family = "Vinue",
                        role = c("aut", "cre"),
                        email = "guillermo.vinue@uv.es"),
                 person(given = "Irene",
                        family = "Epifanio",
                        role = "aut"))
  as necessary.
  
  Found the following URLs which should use \doi (with the DOI name only):
    File ‘adalara.Rd’:
      https://doi.org/10.18637/jss.v030.i08
      https://doi.org/10.1016/j.csda.2007.11.008
      https://doi.org/10.1016/j.physa.2018.12.036
      https://doi.org/10.18637/jss.v077.i06
    File ‘adalara_no_paral.Rd’:
      https://doi.org/10.18637/jss.v030.i08
      https://doi.org/10.1016/j.csda.2007.11.008
      https://doi.org/10.1016/j.physa.2018.12.036
      https://doi.org/10.18637/jss.v077.i06
    File ‘archetypoids_funct.Rd’:
      https://doi.org/10.1016/j.csda.2016.06.007
    File ‘archetypoids_funct_multiv.Rd’:
      https://doi.org/10.1016/j.csda.2016.06.007
    File ‘archetypoids_funct_multiv_robust.Rd’:
      https://doi.org/10.1016/j.physa.2018.12.036
    File ‘archetypoids_funct_robust.Rd’:
      https://doi.org/10.1016/j.physa.2018.12.036
    File ‘archetypoids_norm_frob.Rd’:
      https://doi.org/10.18637/jss.v030.i08
      https://doi.org/10.1016/j.physa.2018.12.036
      https://doi.org/10.1016/j.csda.2015.01.018
      https://doi.org/10.18637/jss.v077.i06
    File ‘archetypoids_robust.Rd’:
      https://doi.org/10.1016/j.physa.2018.12.036
    File ‘bisquare_function.Rd’:
      https://doi.org/10.1016/j.physa.2018.12.036
    File ‘do_ada.Rd’:
      https://doi.org/10.18637/jss.v030.i08
      https://doi.org/10.1016/j.csda.2015.01.018
      https://doi.org/10.18637/jss.v077.i06
    File ‘do_ada_robust.Rd’:
      https://doi.org/10.1016/j.physa.2018.12.036
    File ‘do_fada.Rd’:
      https://doi.org/10.1016/j.csda.2016.06.007
    File ‘do_fada_multiv.Rd’:
      https://doi.org/10.1016/j.csda.2016.06.007
    File ‘do_fada_multiv_robust.Rd’:
      https://doi.org/10.1016/j.physa.2018.12.036
    File ‘do_fada_robust.Rd’:
      https://doi.org/10.1016/j.physa.2018.12.036
    File ‘fadalara.Rd’:
      https://doi.org/10.1016/j.csda.2016.06.007
      https://doi.org/10.1016/j.csda.2007.11.008
      https://doi.org/10.1016/j.physa.2018.12.036
    File ‘fadalara_no_paral.Rd’:
      https://doi.org/10.1016/j.csda.2016.06.007
      https://doi.org/10.1016/j.csda.2007.11.008
      https://doi.org/10.1016/j.physa.2018.12.036
    File ‘frobenius_norm.Rd’:
      https://doi.org/10.18637/jss.v030.i08
      https://doi.org/10.1016/j.csda.2015.01.018
      https://doi.org/10.18637/jss.v077.i06
    File ‘frobenius_norm_funct.Rd’:
      https://doi.org/10.1016/j.csda.2016.06.007
    File ‘frobenius_norm_funct_multiv.Rd’:
      https://doi.org/10.1016/j.csda.2016.06.007
    File ‘frobenius_norm_funct_multiv_robust.Rd’:
      https://doi.org/10.1016/j.physa.2018.12.036
    File ‘frobenius_norm_funct_robust.Rd’:
      https://doi.org/10.1016/j.physa.2018.12.036
    File ‘frobenius_norm_robust.Rd’:
      https://doi.org/10.1016/j.physa.2018.12.036
    File ‘int_prod_mat.Rd’:
      https://doi.org/10.1016/j.physa.2018.12.036
    File ‘int_prod_mat_funct.Rd’:
      https://doi.org/10.1016/j.physa.2018.12.036
    File ‘int_prod_mat_sq.Rd’:
      https://doi.org/10.1016/j.physa.2018.12.036
    File ‘int_prod_mat_sq_funct.Rd’:
      https://doi.org/10.1016/j.physa.2018.12.036
    File ‘outl_toler.Rd’:
      https://doi.org/10.18637/jss.v036.i05
    File ‘stepArchetypesRawData_funct.Rd’:
      https://doi.org/10.2307/1269949
      https://doi.org/10.1016/j.csda.2016.06.007
      https://doi.org/10.18637/jss.v030.i08
    File ‘stepArchetypesRawData_funct_multiv.Rd’:
      https://doi.org/10.2307/1269949
      https://doi.org/10.1016/j.csda.2016.06.007
      https://doi.org/10.18637/jss.v030.i08
    File ‘stepArchetypesRawData_funct_multiv_robust.Rd’:
      https://doi.org/10.2307/1269949
      https://doi.org/10.1016/j.csda.2016.06.007
      https://doi.org/10.18637/jss.v030.i08
      https://doi.org/10.1016/j.physa.2018.12.036
    File ‘stepArchetypesRawData_funct_robust.Rd’:
      https://doi.org/10.2307/1269949
      https://doi.org/10.1016/j.csda.2016.06.007
      https://doi.org/10.18637/jss.v030.i08
      https://doi.org/10.1016/j.physa.2018.12.036
    File ‘stepArchetypesRawData_norm_frob.Rd’:
      https://doi.org/10.18637/jss.v030.i08
      https://doi.org/10.1016/j.physa.2018.12.036
      https://doi.org/10.1016/j.csda.2015.01.018
      https://doi.org/10.18637/jss.v077.i06
    File ‘stepArchetypesRawData_robust.Rd’:
      https://doi.org/10.1016/j.physa.2018.12.036
Flavors: r-devel-linux-x86_64-debian-clang, r-devel-linux-x86_64-debian-gcc
Version: 1.2.1
Check: LazyData
Result: NOTE
    'LazyData' is specified without a 'data' directory
Flavors: r-oldrel-macos-arm64, r-oldrel-macos-x86_64, r-oldrel-windows-x86_64