Last updated on 2025-10-30 18:50:09 CET.
| Flavor | Version | Tinstall | Tcheck | Ttotal | Status | Flags | 
|---|---|---|---|---|---|---|
| r-devel-linux-x86_64-debian-clang | 3.1 | 16.05 | 105.89 | 121.94 | NOTE | |
| r-devel-linux-x86_64-debian-gcc | 3.1 | 10.55 | 71.89 | 82.44 | NOTE | |
| r-devel-linux-x86_64-fedora-clang | 3.1 | 36.00 | 153.82 | 189.82 | NOTE | |
| r-devel-linux-x86_64-fedora-gcc | 3.1 | 64.00 | 124.52 | 188.52 | NOTE | |
| r-devel-windows-x86_64 | 3.1 | 16.00 | 116.00 | 132.00 | NOTE | |
| r-patched-linux-x86_64 | 3.1 | 15.71 | 100.84 | 116.55 | NOTE | |
| r-release-linux-x86_64 | 3.1 | 15.13 | 101.02 | 116.15 | NOTE | |
| r-release-macos-arm64 | 3.1 | 6.00 | 42.00 | 48.00 | NOTE | |
| r-release-macos-x86_64 | 3.1 | 12.00 | 73.00 | 85.00 | NOTE | |
| r-release-windows-x86_64 | 3.1 | 16.00 | 119.00 | 135.00 | NOTE | |
| r-oldrel-macos-arm64 | 3.1 | 6.00 | 38.00 | 44.00 | NOTE | |
| r-oldrel-macos-x86_64 | 3.1 | 9.00 | 58.00 | 67.00 | NOTE | |
| r-oldrel-windows-x86_64 | 3.1 | 22.00 | 145.00 | 167.00 | NOTE | 
Version: 3.1
Check: CRAN incoming feasibility
Result: NOTE
  Maintainer: ‘Rezgar Arabzadeh <rezgararabzadeh@ut.ac.ir>’
  
  No Authors@R field in DESCRIPTION.
  Please add one, modifying
    Authors@R: c(person(given = c("Rezgar", "Arabzadeh;", "Parisa", "Aberi;", "Kaveh", "Panaghi;", "Shahab", "Araghinejad;", "Majid"),
                        family = "Montaseri",
                        role = "aut"),
                 person(given = "Rezgar",
                        family = "Arabzadeh",
                        role = "cre",
                        email = "rezgararabzadeh@ut.ac.ir"))
  as necessary.
  
  Package CITATION file contains call(s) to old-style personList() or
  as.personList().  Please use c() on person objects instead.
  Package CITATION file contains call(s) to old-style citEntry().  Please
  use bibentry() instead.
Flavors: r-devel-linux-x86_64-debian-clang, r-devel-linux-x86_64-debian-gcc
Version: 3.1
Check: Rd files
Result: NOTE
  checkRd: (-1) addObjectToArea.Rd:31: height/width attributes should be in pixels
  checkRd: (-1) createDemandSite.Rd:26: Lost braces
      26 |   \item{suppliers}{(optional) A list of object(s) inherited from the folowing classes: \code{\link[WRSS]{createAquifer}}, \code{\link[WRSS]{createRiver}}, \code{\link[WRSS]{createReservoir}}, code{\link[WRSS]{createDiversion}}.}
         |                                                                                                                                                                                                     ^
  checkRd: (-1) createDemandSite.base.Rd:26: Lost braces
      26 |   \item{suppliers}{(optional) A list of object(s) inherited from the folowing classes: \code{\link[WRSS]{createAquifer}}, \code{\link[WRSS]{createRiver}}, \code{\link[WRSS]{createReservoir}}, code{\link[WRSS]{createDiversion}}.}
         |                                                                                                                                                                                                     ^
  checkRd: (-1) createDemandSite.default.Rd:32: Lost braces
      32 |   \item{suppliers}{(optional) A list of object(s) inherited from the folowing classes: \code{\link[WRSS]{createAquifer}}, \code{\link[WRSS]{createRiver}}, \code{\link[WRSS]{createReservoir}}, code{\link[WRSS]{createDiversion}}.}
         |                                                                                                                                                                                                     ^
  checkRd: (-1) sim.Rd:19: height/width attributes should be in pixels
Flavors: r-devel-linux-x86_64-debian-clang, r-devel-linux-x86_64-debian-gcc, r-devel-linux-x86_64-fedora-clang, r-devel-linux-x86_64-fedora-gcc
Version: 3.1
Check: Rd files
Result: NOTE
  checkRd: (-1) createDemandSite.Rd:26: Lost braces
      26 |   \item{suppliers}{(optional) A list of object(s) inherited from the folowing classes: \code{\link[WRSS]{createAquifer}}, \code{\link[WRSS]{createRiver}}, \code{\link[WRSS]{createReservoir}}, code{\link[WRSS]{createDiversion}}.}
         |                                                                                                                                                                                                     ^
  checkRd: (-1) createDemandSite.base.Rd:26: Lost braces
      26 |   \item{suppliers}{(optional) A list of object(s) inherited from the folowing classes: \code{\link[WRSS]{createAquifer}}, \code{\link[WRSS]{createRiver}}, \code{\link[WRSS]{createReservoir}}, code{\link[WRSS]{createDiversion}}.}
         |                                                                                                                                                                                                     ^
  checkRd: (-1) createDemandSite.default.Rd:32: Lost braces
      32 |   \item{suppliers}{(optional) A list of object(s) inherited from the folowing classes: \code{\link[WRSS]{createAquifer}}, \code{\link[WRSS]{createRiver}}, \code{\link[WRSS]{createReservoir}}, code{\link[WRSS]{createDiversion}}.}
         |                                                                                                                                                                                                     ^
Flavors: r-devel-windows-x86_64, r-patched-linux-x86_64, r-release-linux-x86_64, r-release-macos-arm64, r-release-macos-x86_64, r-release-windows-x86_64, r-oldrel-macos-arm64, r-oldrel-macos-x86_64, r-oldrel-windows-x86_64