Last updated on 2025-10-30 18:50:09 CET.
| Flavor | Version | Tinstall | Tcheck | Ttotal | Status | Flags | 
|---|---|---|---|---|---|---|
| r-devel-linux-x86_64-debian-clang | 0.1.0 | 2.27 | 31.14 | 33.41 | NOTE | |
| r-devel-linux-x86_64-debian-gcc | 0.1.0 | 1.84 | 26.25 | 28.09 | NOTE | |
| r-devel-linux-x86_64-fedora-clang | 0.1.0 | 53.69 | NOTE | |||
| r-devel-linux-x86_64-fedora-gcc | 0.1.0 | 51.92 | NOTE | |||
| r-devel-windows-x86_64 | 0.1.0 | 3.00 | 49.00 | 52.00 | OK | |
| r-patched-linux-x86_64 | 0.1.0 | 2.53 | 32.69 | 35.22 | OK | |
| r-release-linux-x86_64 | 0.1.0 | 2.35 | 32.91 | 35.26 | OK | |
| r-release-macos-arm64 | 0.1.0 | 1.00 | 25.00 | 26.00 | OK | |
| r-release-macos-x86_64 | 0.1.0 | 2.00 | 47.00 | 49.00 | OK | |
| r-release-windows-x86_64 | 0.1.0 | 7.00 | 52.00 | 59.00 | OK | |
| r-oldrel-macos-arm64 | 0.1.0 | 1.00 | 26.00 | 27.00 | NOTE | |
| r-oldrel-macos-x86_64 | 0.1.0 | 4.00 | 34.00 | 38.00 | NOTE | |
| r-oldrel-windows-x86_64 | 0.1.0 | 3.00 | 61.00 | 64.00 | NOTE | 
Version: 0.1.0
Check: CRAN incoming feasibility
Result: NOTE
  Maintainer: ‘Bo (Yu-Chien) Ning <bo.ning@upmc.fr>’
  
  No Authors@R field in DESCRIPTION.
  Please add one, modifying
    Authors@R: c(person(given = "Bo",
                        family = "Ning",
                        role = "aut",
                        comment = "Yu-Chien"),
                 person(given = "Bo",
                        family = "Ning",
                        role = "cre",
                        email = "bo.ning@upmc.fr",
                        comment = "Yu-Chien"))
  as necessary.
  
  The Description field contains
    proposed by Ning (2020) <arXiv:2102.00305>. There are two algorithms:
  Please refer to arXiv e-prints via their arXiv DOI <doi:10.48550/arXiv.YYMM.NNNNN>.
Flavors: r-devel-linux-x86_64-debian-clang, r-devel-linux-x86_64-debian-gcc
Version: 0.1.0
Check: dependencies in R code
Result: NOTE
  Namespace in Imports field not imported from: ‘MASS’
    All declared Imports should be used.
Flavors: r-devel-linux-x86_64-fedora-clang, r-devel-linux-x86_64-fedora-gcc
Version: 0.1.0
Check: LazyData
Result: NOTE
    'LazyData' is specified without a 'data' directory
Flavors: r-oldrel-macos-arm64, r-oldrel-macos-x86_64, r-oldrel-windows-x86_64