Last updated on 2025-10-30 18:50:08 CET.
| Flavor | Version | Tinstall | Tcheck | Ttotal | Status | Flags | 
|---|---|---|---|---|---|---|
| r-devel-linux-x86_64-debian-clang | 0.10.1 | 7.01 | 90.94 | 97.95 | NOTE | |
| r-devel-linux-x86_64-debian-gcc | 0.10.1 | 5.40 | 63.72 | 69.12 | NOTE | |
| r-devel-linux-x86_64-fedora-clang | 0.10.1 | 17.00 | 133.98 | 150.98 | NOTE | |
| r-devel-linux-x86_64-fedora-gcc | 0.10.1 | 18.00 | 127.15 | 145.15 | NOTE | |
| r-devel-windows-x86_64 | 0.10.1 | 9.00 | 96.00 | 105.00 | NOTE | |
| r-patched-linux-x86_64 | 0.10.1 | 7.29 | 84.18 | 91.47 | NOTE | |
| r-release-linux-x86_64 | 0.10.1 | 7.52 | 86.33 | 93.85 | NOTE | |
| r-release-macos-arm64 | 0.10.1 | 3.00 | 34.00 | 37.00 | NOTE | |
| r-release-macos-x86_64 | 0.10.1 | 5.00 | 66.00 | 71.00 | NOTE | |
| r-release-windows-x86_64 | 0.10.1 | 10.00 | 193.00 | 203.00 | NOTE | |
| r-oldrel-macos-arm64 | 0.10.1 | 3.00 | 32.00 | 35.00 | NOTE | |
| r-oldrel-macos-x86_64 | 0.10.1 | 4.00 | 53.00 | 57.00 | NOTE | |
| r-oldrel-windows-x86_64 | 0.10.1 | 12.00 | 124.00 | 136.00 | NOTE | 
Version: 0.10.1
Check: CRAN incoming feasibility
Result: NOTE
  Maintainer: ‘Henrik Bengtsson <henrikb@braju.com>’
  
  Package CITATION file contains call(s) to old-style citEntry().  Please
  use bibentry() instead.
Flavors: r-devel-linux-x86_64-debian-clang, r-devel-linux-x86_64-debian-gcc
Version: 0.10.1
Check: Rd files
Result: NOTE
  checkRd: (-1) TopDom.Rd:21: Lost braces; missing escapes or markup?
      21 | Recommended range is in {5, ..., 20}.}
         |                         ^
Flavors: r-devel-linux-x86_64-debian-clang, r-devel-linux-x86_64-debian-gcc, r-devel-linux-x86_64-fedora-clang, r-devel-linux-x86_64-fedora-gcc, r-devel-windows-x86_64, r-patched-linux-x86_64, r-release-linux-x86_64, r-release-macos-arm64, r-release-macos-x86_64, r-release-windows-x86_64, r-oldrel-macos-arm64, r-oldrel-macos-x86_64, r-oldrel-windows-x86_64