CRAN Package Check Results for Package TopDom

Last updated on 2025-07-22 08:48:47 CEST.

Flavor Version Tinstall Tcheck Ttotal Status Flags
r-devel-linux-x86_64-debian-clang 0.10.1 6.96 80.56 87.52 NOTE
r-devel-linux-x86_64-debian-gcc 0.10.1 4.24 55.47 59.71 NOTE
r-devel-linux-x86_64-fedora-clang 0.10.1 128.94 NOTE
r-devel-linux-x86_64-fedora-gcc 0.10.1 126.97 NOTE
r-devel-windows-x86_64 0.10.1 10.00 88.00 98.00 NOTE
r-patched-linux-x86_64 0.10.1 6.47 73.38 79.85 NOTE
r-release-linux-x86_64 0.10.1 6.29 73.19 79.48 NOTE
r-release-macos-arm64 0.10.1 37.00 NOTE
r-release-macos-x86_64 0.10.1 71.00 NOTE
r-release-windows-x86_64 0.10.1 8.00 93.00 101.00 NOTE
r-oldrel-macos-arm64 0.10.1 35.00 NOTE
r-oldrel-macos-x86_64 0.10.1 57.00 NOTE
r-oldrel-windows-x86_64 0.10.1 12.00 115.00 127.00 NOTE

Check Details

Version: 0.10.1
Check: CRAN incoming feasibility
Result: NOTE Maintainer: ‘Henrik Bengtsson <henrikb@braju.com>’ Package CITATION file contains call(s) to old-style citEntry(). Please use bibentry() instead. Flavors: r-devel-linux-x86_64-debian-clang, r-devel-linux-x86_64-debian-gcc

Version: 0.10.1
Check: Rd files
Result: NOTE checkRd: (-1) TopDom.Rd:21: Lost braces; missing escapes or markup? 21 | Recommended range is in {5, ..., 20}.} | ^ Flavors: r-devel-linux-x86_64-debian-clang, r-devel-linux-x86_64-debian-gcc, r-devel-linux-x86_64-fedora-clang, r-devel-linux-x86_64-fedora-gcc, r-devel-windows-x86_64, r-patched-linux-x86_64, r-release-linux-x86_64, r-release-macos-arm64, r-release-macos-x86_64, r-release-windows-x86_64, r-oldrel-macos-arm64, r-oldrel-macos-x86_64, r-oldrel-windows-x86_64