CRAN Package Check Results for Package ThankYouStars

Last updated on 2025-10-07 08:50:36 CEST.

Flavor Version Tinstall Tcheck Ttotal Status Flags
r-devel-linux-x86_64-debian-clang 0.2.0 1.54 23.45 24.99 OK
r-devel-linux-x86_64-debian-gcc 0.2.0 1.32 19.74 21.06 OK
r-devel-linux-x86_64-fedora-clang 0.2.0 36.19 OK
r-devel-linux-x86_64-fedora-gcc 0.2.0 48.91 OK
r-devel-windows-x86_64 0.2.0 3.00 42.00 45.00 OK
r-patched-linux-x86_64 0.2.0 1.62 20.93 22.55 OK
r-release-linux-x86_64 0.2.0 1.70 21.07 22.77 OK
r-release-macos-arm64 0.2.0 35.00 OK
r-release-macos-x86_64 0.2.0 42.00 OK
r-release-windows-x86_64 0.2.0 3.00 43.00 46.00 OK
r-oldrel-macos-arm64 0.2.0 20.00 NOTE
r-oldrel-macos-x86_64 0.2.0 31.00 NOTE
r-oldrel-windows-x86_64 0.2.0 4.00 47.00 51.00 NOTE

Check Details

Version: 0.2.0
Check: LazyData
Result: NOTE 'LazyData' is specified without a 'data' directory Flavors: r-oldrel-macos-arm64, r-oldrel-macos-x86_64, r-oldrel-windows-x86_64