Last updated on 2025-10-30 18:50:07 CET.
| Flavor | Version | Tinstall | Tcheck | Ttotal | Status | Flags | 
|---|---|---|---|---|---|---|
| r-devel-linux-x86_64-debian-clang | 1.7.2 | 4.82 | 33.71 | 38.53 | NOTE | |
| r-devel-linux-x86_64-debian-gcc | 1.7.2 | 4.68 | 34.08 | 38.76 | NOTE | |
| r-devel-linux-x86_64-fedora-clang | 1.7.2 | 13.00 | 45.74 | 58.74 | OK | |
| r-devel-linux-x86_64-fedora-gcc | 1.7.2 | 12.00 | 44.13 | 56.13 | OK | |
| r-devel-windows-x86_64 | 1.7.2 | 5.00 | 42.00 | 47.00 | OK | |
| r-patched-linux-x86_64 | 1.7.2 | 4.59 | 27.41 | 32.00 | OK | |
| r-release-linux-x86_64 | 1.7.2 | 4.45 | 27.55 | 32.00 | OK | |
| r-release-macos-arm64 | 1.7.2 | 6.00 | 23.00 | 29.00 | OK | |
| r-release-macos-x86_64 | 1.7.2 | 7.00 | 31.00 | 38.00 | OK | |
| r-release-windows-x86_64 | 1.7.2 | 6.00 | 45.00 | 51.00 | OK | |
| r-oldrel-macos-arm64 | 1.7.2 | 3.00 | 21.00 | 24.00 | OK | |
| r-oldrel-macos-x86_64 | 1.7.2 | 4.00 | 27.00 | 31.00 | OK | |
| r-oldrel-windows-x86_64 | 1.7.2 | 4.00 | 43.00 | 47.00 | OK | 
Version: 1.7.2
Check: CRAN incoming feasibility
Result: NOTE
  Maintainer: ‘Manel Salamero <manelsalamero@gmail.com>’
  
  No Authors@R field in DESCRIPTION.
  Please add one, modifying
    Authors@R: person(given = "Manel",
                      family = "Salamero",
                      role = c("aut", "cre"),
                      email = "manelsalamero@gmail.com")
  as necessary.
Flavors: r-devel-linux-x86_64-debian-clang, r-devel-linux-x86_64-debian-gcc