CRAN Package Check Results for Package TOSI

Last updated on 2025-09-30 20:50:54 CEST.

Flavor Version Tinstall Tcheck Ttotal Status Flags
r-devel-linux-x86_64-debian-clang 0.3.0 7.50 66.79 74.29 OK
r-devel-linux-x86_64-debian-gcc 0.3.0 5.45 51.35 56.80 OK
r-devel-linux-x86_64-fedora-clang 0.3.0 111.36 NOTE
r-devel-linux-x86_64-fedora-gcc 0.3.0 106.54 NOTE
r-devel-windows-x86_64 0.3.0 9.00 80.00 89.00 OK
r-patched-linux-x86_64 0.3.0 7.66 66.12 73.78 OK
r-release-linux-x86_64 0.3.0 6.96 66.89 73.85 OK
r-release-macos-arm64 0.3.0 41.00 OK
r-release-macos-x86_64 0.3.0 69.00 OK
r-release-windows-x86_64 0.3.0 9.00 127.00 136.00 OK
r-oldrel-macos-arm64 0.3.0 37.00 OK
r-oldrel-macos-x86_64 0.3.0 53.00 OK
r-oldrel-windows-x86_64 0.3.0 12.00 130.00 142.00 OK

Check Details

Version: 0.3.0
Check: dependencies in R code
Result: NOTE Namespace in Imports field not imported from: ‘hdi’ All declared Imports should be used. Flavors: r-devel-linux-x86_64-fedora-clang, r-devel-linux-x86_64-fedora-gcc