Last updated on 2025-07-22 08:48:47 CEST.
Flavor | Version | Tinstall | Tcheck | Ttotal | Status | Flags |
---|---|---|---|---|---|---|
r-devel-linux-x86_64-debian-clang | 3.0.4 | 62.23 | 148.67 | 210.90 | OK | |
r-devel-linux-x86_64-debian-gcc | 3.0.4 | 40.08 | 110.58 | 150.66 | OK | |
r-devel-linux-x86_64-fedora-clang | 3.0.4 | 362.73 | OK | |||
r-devel-linux-x86_64-fedora-gcc | 3.0.4 | 329.18 | OK | |||
r-devel-windows-x86_64 | 3.0.4 | 76.00 | 547.00 | 623.00 | OK | |
r-patched-linux-x86_64 | 3.0.4 | 59.68 | 142.11 | 201.79 | OK | |
r-release-linux-x86_64 | 3.0.4 | 59.61 | 141.12 | 200.73 | OK | |
r-release-macos-arm64 | 3.0.4 | 266.00 | OK | |||
r-release-macos-x86_64 | 3.0.4 | 409.00 | OK | |||
r-release-windows-x86_64 | 3.0.4 | 83.00 | 464.00 | 547.00 | ERROR | |
r-oldrel-macos-arm64 | 3.0.4 | 230.00 | NOTE | |||
r-oldrel-macos-x86_64 | 3.0.4 | 337.00 | NOTE | |||
r-oldrel-windows-x86_64 | 3.0.4 | 93.00 | 681.00 | 774.00 | NOTE |
Version: 3.0.4
Check: re-building of vignette outputs
Result: ERROR
Error(s) in re-building vignettes:
--- re-building 'HCP_analysis.Rmd' using rmarkdown
--- finished re-building 'HCP_analysis.Rmd'
--- re-building 'ML_and_Inference.Rmd' using rmarkdown
Loading required namespace: TDAstats
Loading required namespace: TDA
Quitting from ML_and_Inference.Rmd:918-923 [unnamed-chunk-52]
~~~~~~~~~~~~~~~~~~~~~~~~~~~~~~~~~~~~~~~~~~~~~~~~~~~~~~~~~~~~~~~~~~~~~~~~~~~~~~~~
<error/rlang_error>
Error in `serverSocket()`:
! creation of server socket failed: port 11195 cannot be opened
---
Backtrace:
▆
1. └─TDApplied::permutation_model_inference(...)
2. └─TDApplied::permutation_test(...)
3. └─TDApplied:::loss(...)
4. └─parallel::makeCluster(num_workers)
5. └─parallel::makePSOCKcluster(names = spec, ...)
6. └─base::serverSocket(port = port)
~~~~~~~~~~~~~~~~~~~~~~~~~~~~~~~~~~~~~~~~~~~~~~~~~~~~~~~~~~~~~~~~~~~~~~~~~~~~~~~~
Error: processing vignette 'ML_and_Inference.Rmd' failed with diagnostics:
creation of server socket failed: port 11195 cannot be opened
--- failed re-building 'ML_and_Inference.Rmd'
--- re-building 'Speed.Rmd' using rmarkdown
Warning in doTryCatch(return(expr), name, parentenv, handler) :
zero-length arrow is of indeterminate angle and so skipped
Warning in doTryCatch(return(expr), name, parentenv, handler) :
zero-length arrow is of indeterminate angle and so skipped
Warning in doTryCatch(return(expr), name, parentenv, handler) :
zero-length arrow is of indeterminate angle and so skipped
Warning in doTryCatch(return(expr), name, parentenv, handler) :
zero-length arrow is of indeterminate angle and so skipped
Warning in doTryCatch(return(expr), name, parentenv, handler) :
zero-length arrow is of indeterminate angle and so skipped
Warning in doTryCatch(return(expr), name, parentenv, handler) :
zero-length arrow is of indeterminate angle and so skipped
Warning in doTryCatch(return(expr), name, parentenv, handler) :
zero-length arrow is of indeterminate angle and so skipped
Warning in doTryCatch(return(expr), name, parentenv, handler) :
zero-length arrow is of indeterminate angle and so skipped
Warning in doTryCatch(return(expr), name, parentenv, handler) :
zero-length arrow is of indeterminate angle and so skipped
Warning in doTryCatch(return(expr), name, parentenv, handler) :
zero-length arrow is of indeterminate angle and so skipped
Warning in doTryCatch(return(expr), name, parentenv, handler) :
zero-length arrow is of indeterminate angle and so skipped
Warning in doTryCatch(return(expr), name, parentenv, handler) :
zero-length arrow is of indeterminate angle and so skipped
Warning in doTryCatch(return(expr), name, parentenv, handler) :
zero-length arrow is of indeterminate angle and so skipped
Warning in doTryCatch(return(expr), name, parentenv, handler) :
zero-length arrow is of indeterminate angle and so skipped
Warning in doTryCatch(return(expr), name, parentenv, handler) :
zero-length arrow is of indeterminate angle and so skipped
--- finished re-building 'Speed.Rmd'
--- re-building 'comparing_calcs.Rmd' using rmarkdown
--- finished re-building 'comparing_calcs.Rmd'
--- re-building 'personalized_analyses.Rmd' using rmarkdown
--- finished re-building 'personalized_analyses.Rmd'
SUMMARY: processing the following file failed:
'ML_and_Inference.Rmd'
Error: Vignette re-building failed.
Execution halted
Flavor: r-release-windows-x86_64
Version: 3.0.4
Check: installed package size
Result: NOTE
installed size is 10.5Mb
sub-directories of 1Mb or more:
doc 8.2Mb
libs 1.8Mb
Flavors: r-oldrel-macos-arm64, r-oldrel-macos-x86_64, r-oldrel-windows-x86_64