CRAN Package Check Results for Package SpectralMap

Last updated on 2025-07-23 08:49:04 CEST.

Flavor Version Tinstall Tcheck Ttotal Status Flags
r-devel-linux-x86_64-debian-clang 1.0 4.43 36.39 40.82 OK
r-devel-linux-x86_64-debian-gcc 1.0 3.35 27.72 31.07 OK
r-devel-linux-x86_64-fedora-clang 1.0 64.77 OK
r-devel-linux-x86_64-fedora-gcc 1.0 60.76 OK
r-devel-windows-x86_64 1.0 5.00 50.00 55.00 OK
r-patched-linux-x86_64 1.0 4.10 35.56 39.66 OK
r-release-linux-x86_64 1.0 3.98 35.06 39.04 OK
r-release-macos-arm64 1.0 27.00 OK
r-release-macos-x86_64 1.0 43.00 OK
r-release-windows-x86_64 1.0 6.00 51.00 57.00 OK
r-oldrel-macos-arm64 1.0 23.00 NOTE
r-oldrel-macos-x86_64 1.0 31.00 NOTE
r-oldrel-windows-x86_64 1.0 6.00 58.00 64.00 NOTE

Check Details

Version: 1.0
Check: LazyData
Result: NOTE 'LazyData' is specified without a 'data' directory Flavors: r-oldrel-macos-arm64, r-oldrel-macos-x86_64, r-oldrel-windows-x86_64