Last updated on 2025-07-24 20:49:40 CEST.
Flavor | Version | Tinstall | Tcheck | Ttotal | Status | Flags |
---|---|---|---|---|---|---|
r-devel-linux-x86_64-debian-clang | 0.99.5 | 4.18 | 80.83 | 85.01 | NOTE | |
r-devel-linux-x86_64-debian-gcc | 0.99.5 | 3.58 | 67.33 | 70.91 | NOTE | |
r-devel-linux-x86_64-fedora-clang | 0.99.5 | 131.32 | NOTE | |||
r-devel-linux-x86_64-fedora-gcc | 0.99.5 | 154.49 | NOTE | |||
r-devel-windows-x86_64 | 0.99.5 | 6.00 | 142.00 | 148.00 | NOTE | |
r-patched-linux-x86_64 | 0.99.5 | 4.01 | 77.90 | 81.91 | NOTE | |
r-release-linux-x86_64 | 0.99.5 | 3.24 | 78.91 | 82.15 | NOTE | |
r-release-macos-arm64 | 0.99.5 | 71.00 | NOTE | |||
r-release-macos-x86_64 | 0.99.5 | 179.00 | NOTE | |||
r-release-windows-x86_64 | 0.99.5 | 6.00 | 137.00 | 143.00 | NOTE | |
r-oldrel-macos-arm64 | 0.99.5 | 58.00 | NOTE | |||
r-oldrel-macos-x86_64 | 0.99.5 | 176.00 | NOTE | |||
r-oldrel-windows-x86_64 | 0.99.5 | 7.00 | 160.00 | 167.00 | NOTE |
Version: 0.99.5
Check: Rd files
Result: NOTE
checkRd: (-1) mu_calc.Rd:32: Lost braces; missing escapes or markup?
32 | mu_{d} | mu_{d} < mu_{d-1} and mu_{d} | mu_{d} > mu_{d-1} respecitively.
| ^
checkRd: (-1) mu_calc.Rd:32: Lost braces; missing escapes or markup?
32 | mu_{d} | mu_{d} < mu_{d-1} and mu_{d} | mu_{d} > mu_{d-1} respecitively.
| ^
checkRd: (-1) mu_calc.Rd:32: Lost braces; missing escapes or markup?
32 | mu_{d} | mu_{d} < mu_{d-1} and mu_{d} | mu_{d} > mu_{d-1} respecitively.
| ^
checkRd: (-1) mu_calc.Rd:32: Lost braces; missing escapes or markup?
32 | mu_{d} | mu_{d} < mu_{d-1} and mu_{d} | mu_{d} > mu_{d-1} respecitively.
| ^
checkRd: (-1) mu_calc.Rd:32: Lost braces; missing escapes or markup?
32 | mu_{d} | mu_{d} < mu_{d-1} and mu_{d} | mu_{d} > mu_{d-1} respecitively.
| ^
checkRd: (-1) mu_calc.Rd:32: Lost braces; missing escapes or markup?
32 | mu_{d} | mu_{d} < mu_{d-1} and mu_{d} | mu_{d} > mu_{d-1} respecitively.
| ^
Flavors: r-devel-linux-x86_64-debian-clang, r-devel-linux-x86_64-debian-gcc, r-devel-linux-x86_64-fedora-clang, r-devel-linux-x86_64-fedora-gcc, r-devel-windows-x86_64, r-patched-linux-x86_64, r-release-linux-x86_64, r-release-macos-arm64, r-release-macos-x86_64, r-release-windows-x86_64, r-oldrel-macos-arm64, r-oldrel-macos-x86_64, r-oldrel-windows-x86_64