Last updated on 2025-09-30 20:50:52 CEST.
Flavor | Version | Tinstall | Tcheck | Ttotal | Status | Flags |
---|---|---|---|---|---|---|
r-devel-linux-x86_64-debian-clang | 1.15.0 | 66.49 | 374.72 | 441.21 | WARN | |
r-devel-linux-x86_64-debian-gcc | 1.15.0 | 45.28 | 267.95 | 313.23 | WARN | |
r-devel-linux-x86_64-fedora-clang | 1.15.0 | 706.52 | WARN | |||
r-devel-linux-x86_64-fedora-gcc | 1.15.0 | 657.46 | WARN | |||
r-devel-windows-x86_64 | 1.15.0 | 82.00 | 373.00 | 455.00 | OK | |
r-patched-linux-x86_64 | 1.15.0 | 67.97 | 353.17 | 421.14 | OK | |
r-release-linux-x86_64 | 1.15.0 | 63.49 | 351.88 | 415.37 | OK | |
r-release-macos-arm64 | 1.15.0 | 182.00 | OK | |||
r-release-macos-x86_64 | 1.15.0 | 325.00 | OK | |||
r-release-windows-x86_64 | 1.15.0 | 79.00 | 536.00 | 615.00 | OK | |
r-oldrel-macos-arm64 | 1.15.0 | 202.00 | NOTE | |||
r-oldrel-macos-x86_64 | 1.15.0 | 352.00 | NOTE | |||
r-oldrel-windows-x86_64 | 1.15.0 | 103.00 | 708.00 | 811.00 | NOTE |
Version: 1.15.0
Check: whether startup messages can be suppressed
Result: NOTE
No methods found in package ‘GenomeInfoDb’ for request: ‘merge’ when loading ‘Signac’
It looks like this package (or a package it requires) has a startup
message which cannot be suppressed: see ?packageStartupMessage.
Flavors: r-devel-linux-x86_64-debian-clang, r-devel-linux-x86_64-debian-gcc, r-devel-linux-x86_64-fedora-clang, r-devel-linux-x86_64-fedora-gcc
Version: 1.15.0
Check: Rd cross-references
Result: WARN
Missing link(s) in Rd file 'GenomeBinMatrix.Rd':
‘[GenomeInfoDb]{seqlengths}’
Missing link(s) in Rd file 'seqinfo-methods.Rd':
‘[GenomeInfoDb]{seqinfo}’
See section 'Cross-references' in the 'Writing R Extensions' manual.
Flavors: r-devel-linux-x86_64-debian-clang, r-devel-linux-x86_64-debian-gcc, r-devel-linux-x86_64-fedora-clang
Version: 1.15.0
Check: Rd cross-references
Result: WARN
Packages unavailable to check Rd xrefs: ‘motifmatchr’, ‘TFBSTools’, ‘chromVAR’
Missing link(s) in Rd file 'GenomeBinMatrix.Rd':
‘[GenomeInfoDb]{seqlengths}’
Missing link(s) in Rd file 'seqinfo-methods.Rd':
‘[GenomeInfoDb]{seqinfo}’
See section 'Cross-references' in the 'Writing R Extensions' manual.
Flavor: r-devel-linux-x86_64-fedora-gcc
Version: 1.15.0
Check: installed package size
Result: NOTE
installed size is 14.8Mb
sub-directories of 1Mb or more:
R 2.1Mb
extdata 9.8Mb
libs 1.9Mb
Flavors: r-oldrel-macos-arm64, r-oldrel-macos-x86_64, r-oldrel-windows-x86_64