CRAN Package Check Results for Package SPECIES

Last updated on 2025-11-28 19:50:27 CET.

Flavor Version Tinstall Tcheck Ttotal Status Flags
r-devel-linux-x86_64-debian-clang 1.2.0 6.91 28.97 35.88 OK
r-devel-linux-x86_64-debian-gcc 1.2.0 4.76 23.41 28.17 OK
r-devel-linux-x86_64-fedora-clang 1.2.0 15.00 39.95 54.95 NOTE
r-devel-linux-x86_64-fedora-gcc 1.2.0 17.00 35.12 52.12 NOTE
r-devel-windows-x86_64 1.2.0 10.00 45.00 55.00 OK
r-patched-linux-x86_64 1.2.0 6.02 28.26 34.28 OK
r-release-linux-x86_64 1.2.0 5.79 27.95 33.74 OK
r-release-macos-arm64 1.2.0 OK
r-release-macos-x86_64 1.2.0 6.00 28.00 34.00 OK
r-release-windows-x86_64 1.2.0 10.00 45.00 55.00 OK
r-oldrel-macos-arm64 1.2.0 OK
r-oldrel-macos-x86_64 1.2.0 11.00 27.00 38.00 OK
r-oldrel-windows-x86_64 1.2.0 11.00 46.00 57.00 OK

Check Details

Version: 1.2.0
Check: compiled code
Result: NOTE File ‘SPECIES/libs/SPECIES.so’: Found no calls to: ‘R_registerRoutines’, ‘R_useDynamicSymbols’ It is good practice to register native routines and to disable symbol search. See ‘Writing portable packages’ in the ‘Writing R Extensions’ manual. Flavors: r-devel-linux-x86_64-fedora-clang, r-devel-linux-x86_64-fedora-gcc