CRAN Package Check Results for Package SOMEnv

Last updated on 2025-09-30 20:50:52 CEST.

Flavor Version Tinstall Tcheck Ttotal Status Flags
r-devel-linux-x86_64-debian-clang 1.1.2 13.85 100.89 114.74 OK
r-devel-linux-x86_64-debian-gcc 1.1.2 9.49 73.77 83.26 OK
r-devel-linux-x86_64-fedora-clang 1.1.2 170.82 NOTE
r-devel-linux-x86_64-fedora-gcc 1.1.2 159.15 NOTE
r-devel-windows-x86_64 1.1.2 13.00 104.00 117.00 OK
r-patched-linux-x86_64 1.1.2 13.56 95.91 109.47 OK
r-release-linux-x86_64 1.1.2 12.73 95.45 108.18 OK
r-release-macos-arm64 1.1.2 49.00 OK
r-release-macos-x86_64 1.1.2 86.00 OK
r-release-windows-x86_64 1.1.2 15.00 102.00 117.00 OK
r-oldrel-macos-arm64 1.1.2 43.00 OK
r-oldrel-macos-x86_64 1.1.2 69.00 OK
r-oldrel-windows-x86_64 1.1.2 18.00 128.00 146.00 OK

Check Details

Version: 1.1.2
Check: dependencies in R code
Result: NOTE Namespace in Imports field not imported from: ‘rlist’ All declared Imports should be used. Flavors: r-devel-linux-x86_64-fedora-clang, r-devel-linux-x86_64-fedora-gcc